Last updated on 2025-05-12 01:49:27 CEST.
Flavor | Version | Tinstall | Tcheck | Ttotal | Status | Flags |
---|---|---|---|---|---|---|
r-devel-linux-x86_64-debian-clang | 0.1.1 | 3.80 | 88.68 | 92.48 | NOTE | |
r-devel-linux-x86_64-debian-gcc | 0.1.1 | 2.91 | 62.53 | 65.44 | NOTE | |
r-devel-linux-x86_64-fedora-clang | 0.1.1 | 156.09 | OK | |||
r-devel-linux-x86_64-fedora-gcc | 0.1.1 | 171.41 | OK | |||
r-devel-windows-x86_64 | 0.1.1 | 5.00 | 166.00 | 171.00 | OK | |
r-patched-linux-x86_64 | 0.1.1 | 4.18 | 87.96 | 92.14 | OK | |
r-release-linux-x86_64 | 0.1.1 | 4.09 | 86.99 | 91.08 | OK | |
r-release-macos-arm64 | 0.1.1 | 82.00 | OK | |||
r-release-macos-x86_64 | 0.1.1 | 130.00 | OK | |||
r-release-windows-x86_64 | 0.1.1 | 5.00 | 169.00 | 174.00 | OK | |
r-oldrel-macos-arm64 | 0.1.1 | 76.00 | OK | |||
r-oldrel-macos-x86_64 | 0.1.1 | 98.00 | OK | |||
r-oldrel-windows-x86_64 | 0.1.1 | 7.00 | 171.00 | 178.00 | OK |
Version: 0.1.1
Check: CRAN incoming feasibility
Result: NOTE
Maintainer: ‘Doug Friedman <doug.nhp@gmail.com>’
The Description field contains
<arXiv:1206.4631v1>.
Please refer to arXiv e-prints via their arXiv DOI <doi:10.48550/arXiv.YYMM.NNNNN>.
Flavors: r-devel-linux-x86_64-debian-clang, r-devel-linux-x86_64-debian-gcc