Last updated on 2024-07-27 01:53:26 CEST.
Flavor | Version | Tinstall | Tcheck | Ttotal | Status | Flags |
---|---|---|---|---|---|---|
r-devel-linux-x86_64-debian-clang | 1.0.2 | 41.31 | 29.63 | 70.94 | OK | |
r-devel-linux-x86_64-debian-gcc | 1.0.2 | 40.03 | 23.69 | 63.72 | OK | |
r-devel-linux-x86_64-fedora-clang | 1.0.2 | 104.27 | NOTE | |||
r-devel-linux-x86_64-fedora-gcc | 1.0.2 | 109.87 | OK | |||
r-devel-windows-x86_64 | 1.0.2 | 48.00 | 48.00 | 96.00 | NOTE | |
r-patched-linux-x86_64 | 1.0.2 | OK | ||||
r-release-linux-x86_64 | 1.0.2 | 44.63 | 29.21 | 73.84 | OK | |
r-release-macos-arm64 | 1.0.2 | 60.00 | NOTE | |||
r-release-macos-x86_64 | 1.0.2 | 65.00 | NOTE | |||
r-release-windows-x86_64 | 1.0.2 | 49.00 | 48.00 | 97.00 | NOTE | |
r-oldrel-macos-arm64 | 1.0.2 | 55.00 | NOTE | |||
r-oldrel-macos-x86_64 | 1.0.2 | 73.00 | NOTE | |||
r-oldrel-windows-x86_64 | 1.0.2 | 44.00 | 50.00 | 94.00 | NOTE |
Version: 1.0.2
Check: installed package size
Result: NOTE
installed size is 7.3Mb
sub-directories of 1Mb or more:
data 7.2Mb
Flavors: r-devel-linux-x86_64-fedora-clang, r-devel-windows-x86_64, r-release-macos-arm64, r-release-macos-x86_64, r-release-windows-x86_64, r-oldrel-macos-arm64, r-oldrel-macos-x86_64, r-oldrel-windows-x86_64