Last updated on 2024-07-27 01:53:26 CEST.
Flavor | Version | Tinstall | Tcheck | Ttotal | Status | Flags |
---|---|---|---|---|---|---|
r-devel-linux-x86_64-debian-clang | 0.2-8 | 13.25 | 188.15 | 201.40 | NOTE | |
r-devel-linux-x86_64-debian-gcc | 0.2-8 | 10.63 | 133.53 | 144.16 | NOTE | |
r-devel-linux-x86_64-fedora-clang | 0.2-8 | 236.90 | NOTE | |||
r-devel-linux-x86_64-fedora-gcc | 0.2-8 | 258.60 | NOTE | |||
r-devel-windows-x86_64 | 0.2-8 | 12.00 | 176.00 | 188.00 | NOTE | |
r-patched-linux-x86_64 | 0.2-8 | NOTE | ||||
r-release-linux-x86_64 | 0.2-8 | 12.73 | 174.06 | 186.79 | NOTE | |
r-release-macos-arm64 | 0.2-8 | 71.00 | NOTE | |||
r-release-macos-x86_64 | 0.2-8 | 121.00 | NOTE | |||
r-release-windows-x86_64 | 0.2-8 | 12.00 | 179.00 | 191.00 | NOTE | |
r-oldrel-macos-arm64 | 0.2-8 | 78.00 | NOTE | |||
r-oldrel-macos-x86_64 | 0.2-8 | 190.00 | NOTE | |||
r-oldrel-windows-x86_64 | 0.2-8 | 17.00 | 206.00 | 223.00 | NOTE |
Version: 0.2-8
Check: package dependencies
Result: NOTE
Package suggested but not available for checking: ‘taxidata’
Flavors: r-devel-linux-x86_64-debian-clang, r-devel-linux-x86_64-debian-gcc, r-devel-linux-x86_64-fedora-clang, r-devel-linux-x86_64-fedora-gcc, r-devel-windows-x86_64, r-patched-linux-x86_64, r-release-linux-x86_64, r-release-macos-arm64, r-release-macos-x86_64, r-release-windows-x86_64, r-oldrel-macos-arm64, r-oldrel-macos-x86_64, r-oldrel-windows-x86_64
Version: 0.2-8
Check: Rd cross-references
Result: NOTE
Found the following Rd file(s) with Rd \link{} targets missing package
anchors:
Track-class.Rd: STIDF-class
difftrack-class.Rd: SpatialLinesDataFrame
generalize.Rd: SpatialLines
stbox.Rd: bbox
Please provide package anchors for all Rd \link{} targets not in the
package itself and the base packages.
Flavors: r-devel-linux-x86_64-debian-gcc, r-devel-windows-x86_64