Last updated on 2024-07-27 01:53:26 CEST.
Flavor | Version | Tinstall | Tcheck | Ttotal | Status | Flags |
---|---|---|---|---|---|---|
r-devel-linux-x86_64-debian-clang | 1.0.6 | 155.94 | 314.68 | 470.62 | OK | |
r-devel-linux-x86_64-debian-gcc | 1.0.6 | 137.43 | 234.54 | 371.97 | OK | |
r-devel-linux-x86_64-fedora-clang | 1.0.6 | 598.72 | OK | |||
r-devel-linux-x86_64-fedora-gcc | 1.0.6 | 745.09 | OK | |||
r-devel-windows-x86_64 | 1.0.6 | 128.00 | 313.00 | 441.00 | NOTE | |
r-patched-linux-x86_64 | 1.0.6 | OK | ||||
r-release-linux-x86_64 | 1.0.6 | 168.36 | 306.04 | 474.40 | OK | |
r-release-macos-arm64 | 1.0.6 | 186.00 | NOTE | |||
r-release-macos-x86_64 | 1.0.6 | 522.00 | NOTE | |||
r-release-windows-x86_64 | 1.0.6 | 122.00 | 313.00 | 435.00 | NOTE | |
r-oldrel-macos-arm64 | 1.0.6 | 223.00 | NOTE | |||
r-oldrel-macos-x86_64 | 1.0.6 | 404.00 | NOTE | |||
r-oldrel-windows-x86_64 | 1.0.6 | 157.00 | 382.00 | 539.00 | NOTE |
Version: 1.0.6
Check: installed package size
Result: NOTE
installed size is 16.0Mb
sub-directories of 1Mb or more:
doc 2.1Mb
libs 13.3Mb
Flavors: r-devel-windows-x86_64, r-release-macos-arm64, r-release-macos-x86_64, r-release-windows-x86_64, r-oldrel-macos-arm64, r-oldrel-macos-x86_64, r-oldrel-windows-x86_64