Last updated on 2025-05-07 01:50:17 CEST.
Flavor | Version | Tinstall | Tcheck | Ttotal | Status | Flags |
---|---|---|---|---|---|---|
r-devel-linux-x86_64-debian-clang | 0.1.0 | 1.82 | 16.31 | 18.13 | NOTE | |
r-devel-linux-x86_64-debian-gcc | 0.1.0 | 1.33 | 13.50 | 14.83 | NOTE | |
r-devel-linux-x86_64-fedora-clang | 0.1.0 | 28.50 | OK | |||
r-devel-linux-x86_64-fedora-gcc | 0.1.0 | 26.28 | OK | |||
r-devel-windows-x86_64 | 0.1.0 | 3.00 | 38.00 | 41.00 | OK | |
r-patched-linux-x86_64 | 0.1.0 | 1.63 | 15.77 | 17.40 | OK | |
r-release-linux-x86_64 | 0.1.0 | 1.67 | 15.64 | 17.31 | OK | |
r-release-macos-arm64 | 0.1.0 | 13.00 | OK | |||
r-release-macos-x86_64 | 0.1.0 | 21.00 | OK | |||
r-release-windows-x86_64 | 0.1.0 | 3.00 | 40.00 | 43.00 | OK | |
r-oldrel-macos-arm64 | 0.1.0 | 74.00 | NOTE | |||
r-oldrel-macos-x86_64 | 0.1.0 | 19.00 | NOTE | |||
r-oldrel-windows-x86_64 | 0.1.0 | 3.00 | 37.00 | 40.00 | NOTE |
Version: 0.1.0
Check: CRAN incoming feasibility
Result: NOTE
Maintainer: ‘Babak Naderi <bnaderi9@gmail.com>’
The Description field contains
Möller (2020) <arXiv:2004.11490>.
Please refer to arXiv e-prints via their arXiv DOI <doi:10.48550/arXiv.YYMM.NNNNN>.
Flavors: r-devel-linux-x86_64-debian-clang, r-devel-linux-x86_64-debian-gcc
Version: 0.1.0
Check: LazyData
Result: NOTE
'LazyData' is specified without a 'data' directory
Flavors: r-oldrel-macos-arm64, r-oldrel-macos-x86_64, r-oldrel-windows-x86_64