Last updated on 2025-05-25 02:50:22 CEST.
Flavor | Version | Tinstall | Tcheck | Ttotal | Status | Flags |
---|---|---|---|---|---|---|
r-devel-linux-x86_64-debian-clang | 1.1.6 | 18.35 | 146.73 | 165.08 | OK | |
r-devel-linux-x86_64-debian-gcc | 1.1.6 | 12.31 | 97.61 | 109.92 | OK | |
r-devel-linux-x86_64-fedora-clang | 1.1.6 | 273.13 | OK | |||
r-devel-linux-x86_64-fedora-gcc | 1.1.6 | 253.43 | OK | |||
r-devel-windows-x86_64 | 1.1.6 | 22.00 | 154.00 | 176.00 | OK | |
r-patched-linux-x86_64 | 1.1.6 | 16.77 | 137.10 | 153.87 | OK | |
r-release-linux-x86_64 | 1.1.6 | 16.23 | 137.75 | 153.98 | OK | |
r-release-macos-arm64 | 1.1.6 | 59.00 | OK | |||
r-release-macos-x86_64 | 1.1.6 | 136.00 | OK | |||
r-release-windows-x86_64 | 1.1.6 | 22.00 | 149.00 | 171.00 | OK | |
r-oldrel-macos-arm64 | 1.1.6 | 73.00 | OK | |||
r-oldrel-macos-x86_64 | 1.1.6 | 162.00 | NOTE | |||
r-oldrel-windows-x86_64 | 1.1.6 | 26.00 | 180.00 | 206.00 | OK |
Version: 1.1.6
Check: R code for possible problems
Result: NOTE
Fatal error: cannot create 'R_TempDir'
Flavor: r-oldrel-macos-x86_64