Last updated on 2025-07-16 01:50:45 CEST.
Flavor | Version | Tinstall | Tcheck | Ttotal | Status | Flags |
---|---|---|---|---|---|---|
r-devel-linux-x86_64-debian-clang | 1.1-7.1 | 2.51 | 21.39 | 23.90 | OK | |
r-devel-linux-x86_64-debian-gcc | 1.1-7.1 | 1.94 | 17.07 | 19.01 | OK | |
r-devel-linux-x86_64-fedora-clang | 1.1-7.1 | 43.19 | OK | |||
r-devel-linux-x86_64-fedora-gcc | 1.1-7.1 | 37.13 | OK | |||
r-devel-windows-x86_64 | 1.1-7.1 | 5.00 | 44.00 | 49.00 | OK | |
r-patched-linux-x86_64 | 1.1-7 | 2.69 | 20.16 | 22.85 | NOTE | |
r-release-linux-x86_64 | 1.1-7.1 | 1.87 | 19.92 | 21.79 | OK | |
r-release-macos-arm64 | 1.1-7.1 | 40.00 | OK | |||
r-release-macos-x86_64 | 1.1-7.1 | 53.00 | OK | |||
r-release-windows-x86_64 | 1.1-7.1 | 4.00 | 49.00 | 53.00 | OK | |
r-oldrel-macos-arm64 | 1.1-7.1 | 36.00 | OK | |||
r-oldrel-macos-x86_64 | 1.1-7.1 | 35.00 | OK | |||
r-oldrel-windows-x86_64 | 1.1-7.1 | 6.00 | 47.00 | 53.00 | OK |
Version: 1.1-7
Check: Rd cross-references
Result: NOTE
Found the following Rd file(s) with Rd \link{} targets missing package
anchors:
rpart.predict.leaves.Rd: rpart
treeClust.Rd: rpart.control
treeClust.dist.Rd: daisy
Please provide package anchors for all Rd \link{} targets not in the
package itself and the base packages.
Flavor: r-patched-linux-x86_64