Last updated on 2024-07-27 01:53:26 CEST.
Flavor | Version | Tinstall | Tcheck | Ttotal | Status | Flags |
---|---|---|---|---|---|---|
r-devel-linux-x86_64-debian-clang | 0.2.1 | 44.40 | 454.92 | 499.32 | OK | |
r-devel-linux-x86_64-debian-gcc | 0.2.1 | 38.69 | 337.77 | 376.46 | OK | |
r-devel-linux-x86_64-fedora-clang | 0.2.1 | 662.79 | OK | |||
r-devel-linux-x86_64-fedora-gcc | 0.2.1 | 659.25 | OK | |||
r-devel-windows-x86_64 | 0.2.1 | 41.00 | 300.00 | 341.00 | OK | |
r-patched-linux-x86_64 | 0.2.1 | OK | ||||
r-release-linux-x86_64 | 0.2.1 | 31.26 | 439.80 | 471.06 | OK | |
r-release-macos-arm64 | 0.2.1 | 186.00 | OK | |||
r-release-macos-x86_64 | 0.2.1 | 251.00 | OK | |||
r-release-windows-x86_64 | 0.2.1 | 39.00 | 302.00 | 341.00 | OK | |
r-oldrel-macos-arm64 | 0.2.1 | 10.00 | ERROR | |||
r-oldrel-macos-x86_64 | 0.2.1 | 13.00 | ERROR | |||
r-oldrel-windows-x86_64 | 0.2.1 | 53.00 | 420.00 | 473.00 | OK |
Version: 0.2.1
Check: package dependencies
Result: ERROR
Packages required but not available: 'csaw', 'HiCDOC'
See section ‘The DESCRIPTION file’ in the ‘Writing R Extensions’
manual.
Flavors: r-oldrel-macos-arm64, r-oldrel-macos-x86_64