Last updated on 2024-07-27 01:53:26 CEST.
Flavor | Version | Tinstall | Tcheck | Ttotal | Status | Flags |
---|---|---|---|---|---|---|
r-devel-linux-x86_64-debian-clang | 1.0.2 | 6.68 | 134.29 | 140.97 | OK | |
r-devel-linux-x86_64-debian-gcc | 1.0.2 | 3.99 | 101.22 | 105.21 | OK | |
r-devel-linux-x86_64-fedora-clang | 1.0.2 | 172.87 | OK | |||
r-devel-linux-x86_64-fedora-gcc | 1.0.2 | 203.07 | OK | |||
r-devel-windows-x86_64 | 1.0.2 | 7.00 | 116.00 | 123.00 | OK | |
r-patched-linux-x86_64 | 1.0.2 | OK | ||||
r-release-linux-x86_64 | 1.0.2 | 4.12 | 130.24 | 134.36 | OK | |
r-release-macos-arm64 | 1.0.2 | 71.00 | OK | |||
r-release-macos-x86_64 | 1.0.2 | 111.00 | OK | |||
r-release-windows-x86_64 | 1.0.2 | 7.00 | 115.00 | 122.00 | OK | |
r-oldrel-macos-arm64 | 1.0.2 | 193.00 | OK | |||
r-oldrel-macos-x86_64 | 1.0.2 | 115.00 | NOTE | |||
r-oldrel-windows-x86_64 | 1.0.2 | 8.00 | 144.00 | 152.00 | OK |
Version: 1.0.2
Check: package dependencies
Result: NOTE
Package suggested but not available for checking: ‘Seurat’
Flavor: r-oldrel-macos-x86_64