Last updated on 2025-11-13 01:50:37 CET.
| Flavor | Version | Tinstall | Tcheck | Ttotal | Status | Flags |
|---|---|---|---|---|---|---|
| r-devel-linux-x86_64-debian-clang | 0.3.1 | 26.25 | 77.82 | 104.07 | NOTE | |
| r-devel-linux-x86_64-debian-gcc | 0.3.1 | 18.25 | 53.26 | 71.51 | NOTE | |
| r-devel-linux-x86_64-fedora-clang | 0.3.1 | 55.00 | 110.50 | 165.50 | NOTE | |
| r-devel-linux-x86_64-fedora-gcc | 0.3.1 | 74.00 | 86.43 | 160.43 | NOTE | |
| r-devel-windows-x86_64 | 0.3.1 | 35.00 | 101.00 | 136.00 | NOTE | |
| r-patched-linux-x86_64 | 0.3.1 | 27.46 | 69.98 | 97.44 | NOTE | |
| r-release-linux-x86_64 | 0.3.1 | 26.58 | 69.85 | 96.43 | NOTE | |
| r-release-macos-arm64 | 0.3.1 | 10.00 | 30.00 | 40.00 | NOTE | |
| r-release-macos-x86_64 | 0.3.1 | 13.00 | 51.00 | 64.00 | NOTE | |
| r-release-windows-x86_64 | 0.3.1 | 33.00 | 100.00 | 133.00 | NOTE | |
| r-oldrel-macos-arm64 | 0.3.1 | 12.00 | 30.00 | 42.00 | OK | |
| r-oldrel-macos-x86_64 | 0.3.1 | 15.00 | 43.00 | 58.00 | OK | |
| r-oldrel-windows-x86_64 | 0.3.1 | 39.00 | 126.00 | 165.00 | OK |
Version: 0.3.1
Check: DESCRIPTION meta-information
Result: NOTE
Missing dependency on R >= 4.1.0 because package code uses the pipe
|> or function shorthand \(...) syntax added in R 4.1.0.
File(s) using such syntax:
‘ranger_surv.unify.Rd’
Flavors: r-devel-linux-x86_64-debian-clang, r-devel-linux-x86_64-debian-gcc, r-devel-linux-x86_64-fedora-clang, r-devel-linux-x86_64-fedora-gcc, r-devel-windows-x86_64, r-patched-linux-x86_64, r-release-linux-x86_64, r-release-macos-arm64, r-release-macos-x86_64, r-release-windows-x86_64