Last updated on 2024-07-27 01:53:26 CEST.
Flavor | Version | Tinstall | Tcheck | Ttotal | Status | Flags |
---|---|---|---|---|---|---|
r-devel-linux-x86_64-debian-clang | 1.3.1 | 2.82 | 42.08 | 44.90 | NOTE | |
r-devel-linux-x86_64-debian-gcc | 1.3.1 | 2.13 | 33.02 | 35.15 | NOTE | |
r-devel-linux-x86_64-fedora-clang | 1.3.1 | 60.81 | NOTE | |||
r-devel-linux-x86_64-fedora-gcc | 1.3.1 | 85.86 | NOTE | |||
r-devel-windows-x86_64 | 1.3.1 | 3.00 | 66.00 | 69.00 | NOTE | |
r-patched-linux-x86_64 | 1.3.1 | NOTE | ||||
r-release-linux-x86_64 | 1.3.1 | 2.75 | 41.18 | 43.93 | NOTE | |
r-release-macos-arm64 | 1.3.1 | 36.00 | NOTE | |||
r-release-macos-x86_64 | 1.3.1 | 70.00 | NOTE | |||
r-release-windows-x86_64 | 1.3.1 | 4.00 | 58.00 | 62.00 | NOTE | |
r-oldrel-macos-arm64 | 1.3.1 | 34.00 | NOTE | |||
r-oldrel-macos-x86_64 | 1.3.1 | 50.00 | NOTE | |||
r-oldrel-windows-x86_64 | 1.3.1 | 5.00 | 63.00 | 68.00 | NOTE |
Version: 1.3.1
Check: dependencies in R code
Result: NOTE
There are ::: calls to the package's namespace in its code. A package
almost never needs to use ::: for its own objects:
‘log2console’
Flavors: r-devel-linux-x86_64-debian-clang, r-devel-linux-x86_64-debian-gcc, r-devel-linux-x86_64-fedora-clang, r-devel-linux-x86_64-fedora-gcc, r-devel-windows-x86_64, r-patched-linux-x86_64, r-release-linux-x86_64, r-release-macos-arm64, r-release-macos-x86_64, r-release-windows-x86_64, r-oldrel-macos-arm64, r-oldrel-macos-x86_64, r-oldrel-windows-x86_64