Last updated on 2025-10-09 02:52:01 CEST.
Flavor | Version | Tinstall | Tcheck | Ttotal | Status | Flags |
---|---|---|---|---|---|---|
r-devel-linux-x86_64-debian-clang | 0.1.8 | 8.02 | 74.64 | 82.66 | NOTE | |
r-devel-linux-x86_64-debian-gcc | 0.1.8 | 5.02 | 51.43 | 56.45 | NOTE | |
r-devel-linux-x86_64-fedora-clang | 0.1.8 | 125.53 | OK | |||
r-devel-linux-x86_64-fedora-gcc | 0.1.8 | 116.92 | OK | |||
r-devel-windows-x86_64 | 0.1.8 | 10.00 | 82.00 | 92.00 | OK | |
r-patched-linux-x86_64 | 0.1.8 | 7.68 | 68.97 | 76.65 | OK | |
r-release-linux-x86_64 | 0.1.8 | 6.87 | 69.82 | 76.69 | OK | |
r-release-macos-arm64 | 0.1.8 | 31.00 | OK | |||
r-release-macos-x86_64 | 0.1.8 | 61.00 | OK | |||
r-release-windows-x86_64 | 0.1.8 | 9.00 | 82.00 | 91.00 | OK | |
r-oldrel-macos-arm64 | 0.1.8 | 30.00 | OK | |||
r-oldrel-macos-x86_64 | 0.1.8 | 46.00 | OK | |||
r-oldrel-windows-x86_64 | 0.1.8 | 12.00 | 98.00 | 110.00 | OK |
Version: 0.1.8
Check: CRAN incoming feasibility
Result: NOTE
Maintainer: ‘Avi Blinder <aviblinder@gmail.com>’
No Authors@R field in DESCRIPTION.
Please add one, modifying
Authors@R: person(given = "Avi",
family = "Blinder",
role = c("aut", "cre"),
email = "aviblinder@gmail.com")
as necessary.
Flavors: r-devel-linux-x86_64-debian-clang, r-devel-linux-x86_64-debian-gcc