Last updated on 2024-07-27 01:53:26 CEST.
Flavor | Version | Tinstall | Tcheck | Ttotal | Status | Flags |
---|---|---|---|---|---|---|
r-devel-linux-x86_64-debian-clang | 1.0.1 | 112.76 | 362.37 | 475.13 | OK | |
r-devel-linux-x86_64-debian-gcc | 1.0.1 | 89.18 | 283.92 | 373.10 | NOTE | |
r-devel-linux-x86_64-fedora-clang | 1.0.1 | 494.83 | OK | |||
r-devel-linux-x86_64-fedora-gcc | 1.0.1 | 698.80 | OK | |||
r-devel-windows-x86_64 | 1.0.1 | 91.00 | 343.00 | 434.00 | NOTE | |
r-patched-linux-x86_64 | 1.0.1 | OK | ||||
r-release-linux-x86_64 | 1.0.1 | 110.24 | 369.55 | 479.79 | OK | |
r-release-macos-arm64 | 1.0.1 | 174.00 | NOTE | |||
r-release-macos-x86_64 | 1.0.1 | 284.00 | NOTE | |||
r-release-windows-x86_64 | 1.0.1 | 89.00 | 341.00 | 430.00 | NOTE | |
r-oldrel-macos-arm64 | 1.0.1 | 172.00 | NOTE | |||
r-oldrel-macos-x86_64 | 1.0.1 | 439.00 | NOTE | |||
r-oldrel-windows-x86_64 | 1.0.1 | 118.00 | 437.00 | 555.00 | NOTE |
Version: 1.0.1
Check: Rd cross-references
Result: NOTE
Found the following Rd file(s) with Rd \link{} targets missing package
anchors:
spd_modelspec.Rd: bkde
Please provide package anchors for all Rd \link{} targets not in the
package itself and the base packages.
Flavors: r-devel-linux-x86_64-debian-gcc, r-devel-windows-x86_64
Version: 1.0.1
Check: installed package size
Result: NOTE
installed size is 13.5Mb
sub-directories of 1Mb or more:
libs 12.9Mb
Flavors: r-devel-windows-x86_64, r-release-macos-arm64, r-release-macos-x86_64, r-release-windows-x86_64, r-oldrel-macos-arm64, r-oldrel-macos-x86_64, r-oldrel-windows-x86_64