Last updated on 2024-07-27 01:53:26 CEST.
Flavor | Version | Tinstall | Tcheck | Ttotal | Status | Flags |
---|---|---|---|---|---|---|
r-devel-linux-x86_64-debian-clang | 0.3-4 | 37.76 | 115.39 | 153.15 | OK | |
r-devel-linux-x86_64-debian-gcc | 0.3-4 | 44.67 | 86.29 | 130.96 | OK | |
r-devel-linux-x86_64-fedora-clang | 0.3-4 | 203.97 | NOTE | |||
r-devel-linux-x86_64-fedora-gcc | 0.3-4 | 235.84 | NOTE | |||
r-devel-windows-x86_64 | 0.3-4 | 49.00 | 106.00 | 155.00 | OK | |
r-patched-linux-x86_64 | 0.3-4 | OK | ||||
r-release-linux-x86_64 | 0.3-4 | 55.73 | 109.40 | 165.13 | OK | |
r-release-macos-arm64 | 0.3-4 | 80.00 | OK | |||
r-release-macos-x86_64 | 0.3-4 | 97.00 | OK | |||
r-release-windows-x86_64 | 0.3-4 | 48.00 | 107.00 | 155.00 | OK | |
r-oldrel-macos-arm64 | 0.3-4 | 82.00 | OK | |||
r-oldrel-macos-x86_64 | 0.3-4 | 144.00 | OK | |||
r-oldrel-windows-x86_64 | 0.3-4 | 57.00 | 137.00 | 194.00 | OK |
Version: 0.3-4
Check: installed package size
Result: NOTE
installed size is 6.1Mb
sub-directories of 1Mb or more:
libs 5.8Mb
Flavor: r-devel-linux-x86_64-fedora-clang
Version: 0.3-4
Check: compiled code
Result: NOTE
File ‘tseriesTARMA/libs/tseriesTARMA.so’:
Found no calls to: ‘R_registerRoutines’, ‘R_useDynamicSymbols’
It is good practice to register native routines and to disable symbol
search.
See ‘Writing portable packages’ in the ‘Writing R Extensions’ manual.
Flavors: r-devel-linux-x86_64-fedora-clang, r-devel-linux-x86_64-fedora-gcc