Last updated on 2024-07-27 01:53:26 CEST.
Flavor | Version | Tinstall | Tcheck | Ttotal | Status | Flags |
---|---|---|---|---|---|---|
r-devel-linux-x86_64-debian-clang | 1.0.2 | 590.86 | 302.35 | 893.21 | OK | |
r-devel-linux-x86_64-debian-gcc | 1.0.2 | 471.11 | 218.65 | 689.76 | OK | |
r-devel-linux-x86_64-fedora-clang | 1.0.2 | 707.44 | NOTE | |||
r-devel-linux-x86_64-fedora-gcc | 1.0.2 | 1456.26 | OK | |||
r-devel-windows-x86_64 | 1.0.2 | 407.00 | 289.00 | 696.00 | NOTE | |
r-patched-linux-x86_64 | 1.0.2 | ERROR | ||||
r-release-linux-x86_64 | 1.0.2 | 407.85 | 279.21 | 687.06 | OK | |
r-release-macos-arm64 | 1.0.2 | 346.00 | NOTE | |||
r-release-macos-x86_64 | 1.0.2 | 513.00 | NOTE | |||
r-release-windows-x86_64 | 1.0.2 | 386.00 | 289.00 | 675.00 | NOTE | |
r-oldrel-macos-arm64 | 1.0.2 | 328.00 | NOTE | |||
r-oldrel-macos-x86_64 | 1.0.2 | 574.00 | NOTE | |||
r-oldrel-windows-x86_64 | 1.0.2 | 500.00 | 381.00 | 881.00 | NOTE |
Version: 1.0.2
Check: installed package size
Result: NOTE
installed size is 12.2Mb
sub-directories of 1Mb or more:
libs 11.1Mb
Flavors: r-devel-linux-x86_64-fedora-clang, r-devel-windows-x86_64, r-release-macos-arm64, r-release-macos-x86_64, r-release-windows-x86_64, r-oldrel-macos-arm64, r-oldrel-macos-x86_64, r-oldrel-windows-x86_64
Version: 1.0.2
Check: whether package can be installed
Result: ERROR
Installation failed.
Flavor: r-patched-linux-x86_64