Last updated on 2025-05-07 01:50:17 CEST.
Flavor | Version | Tinstall | Tcheck | Ttotal | Status | Flags |
---|---|---|---|---|---|---|
r-devel-linux-x86_64-debian-clang | 0.1.0 | 10.73 | 73.75 | 84.48 | OK | |
r-devel-linux-x86_64-debian-gcc | 0.1.0 | 6.57 | 51.93 | 58.50 | OK | |
r-devel-linux-x86_64-fedora-clang | 0.1.0 | 129.31 | NOTE | |||
r-devel-linux-x86_64-fedora-gcc | 0.1.0 | 122.77 | NOTE | |||
r-devel-windows-x86_64 | 0.1.0 | 13.00 | 81.00 | 94.00 | OK | |
r-patched-linux-x86_64 | 0.1.0 | 11.41 | 67.80 | 79.21 | OK | |
r-release-linux-x86_64 | 0.1.0 | 11.29 | 67.05 | 78.34 | OK | |
r-release-macos-arm64 | 0.1.0 | 49.00 | OK | |||
r-release-macos-x86_64 | 0.1.0 | 62.00 | OK | |||
r-release-windows-x86_64 | 0.1.0 | 12.00 | 82.00 | 94.00 | OK | |
r-oldrel-macos-arm64 | 0.1.0 | 36.00 | OK | |||
r-oldrel-macos-x86_64 | 0.1.0 | 71.00 | OK | |||
r-oldrel-windows-x86_64 | 0.1.0 | 17.00 | 103.00 | 120.00 | OK |
Version: 0.1.0
Check: dependencies in R code
Result: NOTE
Namespaces in Imports field not imported from:
‘R6’ ‘crosstalk’
All declared Imports should be used.
Flavors: r-devel-linux-x86_64-fedora-clang, r-devel-linux-x86_64-fedora-gcc