Last updated on 2024-07-27 01:53:26 CEST.
Flavor | Version | Tinstall | Tcheck | Ttotal | Status | Flags |
---|---|---|---|---|---|---|
r-devel-linux-x86_64-debian-clang | 0.1.0 | 767.47 | 341.41 | 1108.88 | OK | |
r-devel-linux-x86_64-debian-gcc | 0.1.0 | 542.83 | 287.19 | 830.02 | OK | |
r-devel-linux-x86_64-fedora-clang | 0.1.0 | 940.55 | NOTE | |||
r-devel-linux-x86_64-fedora-gcc | 0.1.0 | 1695.54 | NOTE | |||
r-devel-windows-x86_64 | 0.1.0 | 505.00 | 360.00 | 865.00 | NOTE | |
r-patched-linux-x86_64 | 0.1.0 | OK | ||||
r-release-linux-x86_64 | 0.1.0 | 0.01 | 2.48 | 2.49 | ERROR | |
r-release-macos-arm64 | 0.1.0 | 281.00 | NOTE | |||
r-release-macos-x86_64 | 0.1.0 | 318.00 | NOTE | |||
r-release-windows-x86_64 | 0.1.0 | 501.00 | 362.00 | 863.00 | NOTE | |
r-oldrel-macos-arm64 | 0.1.0 | 262.00 | NOTE | |||
r-oldrel-macos-x86_64 | 0.1.0 | 469.00 | NOTE | |||
r-oldrel-windows-x86_64 | 0.1.0 | 677.00 | 419.00 | 1096.00 | NOTE |
Version: 0.1.0
Check: installed package size
Result: NOTE
installed size is 6.9Mb
sub-directories of 1Mb or more:
libs 5.8Mb
Flavors: r-devel-linux-x86_64-fedora-clang, r-devel-windows-x86_64, r-release-macos-arm64, r-release-macos-x86_64, r-release-windows-x86_64, r-oldrel-macos-arm64, r-oldrel-macos-x86_64, r-oldrel-windows-x86_64
Version: 0.1.0
Check: for GNU extensions in Makefiles
Result: NOTE
GNU make is a SystemRequirements.
Flavors: r-devel-linux-x86_64-fedora-clang, r-devel-linux-x86_64-fedora-gcc, r-release-macos-arm64, r-release-macos-x86_64, r-oldrel-macos-arm64, r-oldrel-macos-x86_64
Version: 0.1.0
Check: whether package can be installed
Result: ERROR
Installation failed.
Flavor: r-release-linux-x86_64