CRAN Package Check Results for Package tttplot

Last updated on 2025-05-07 01:50:17 CEST.

Flavor Version Tinstall Tcheck Ttotal Status Flags
r-devel-linux-x86_64-debian-clang 1.1.1 1.69 16.17 17.86 NOTE
r-devel-linux-x86_64-debian-gcc 1.1.1 1.28 13.66 14.94 NOTE
r-devel-linux-x86_64-fedora-clang 1.1.1 27.82 OK
r-devel-linux-x86_64-fedora-gcc 1.1.1 26.57 OK
r-devel-windows-x86_64 1.1.1 2.00 35.00 37.00 OK
r-patched-linux-x86_64 1.1.1 1.59 15.67 17.26 OK
r-release-linux-x86_64 1.1.1 1.53 15.43 16.96 OK
r-release-macos-arm64 1.1.1 12.00 OK
r-release-macos-x86_64 1.1.1 28.00 OK
r-release-windows-x86_64 1.1.1 2.00 37.00 39.00 OK
r-oldrel-macos-arm64 1.1.1 12.00 OK
r-oldrel-macos-x86_64 1.1.1 18.00 OK
r-oldrel-windows-x86_64 1.1.1 2.00 34.00 36.00 OK

Check Details

Version: 1.1.1
Check: CRAN incoming feasibility
Result: NOTE Maintainer: ‘Carlos A. Martinez <amartin@unal.edu.co>’ No Authors@R field in DESCRIPTION. Please add one, modifying Authors@R: c(person(given = c("Carlos", "A.", "Martinez", "based", "on", "the", "work", "of"), family = "Ribeiro", role = c("aut", "cre")), person(family = "Rosseti.", comment = "2015"), person(given = c("Carlos", "A."), family = "Martinez", role = "cre", email = "amartin@unal.edu.co")) as necessary. Flavors: r-devel-linux-x86_64-debian-clang, r-devel-linux-x86_64-debian-gcc