Last updated on 2024-07-27 01:53:26 CEST.
Flavor | Version | Tinstall | Tcheck | Ttotal | Status | Flags |
---|---|---|---|---|---|---|
r-devel-linux-x86_64-debian-clang | 1.0.1 | 2.15 | 45.35 | 47.50 | NOTE | |
r-devel-linux-x86_64-debian-gcc | 1.0.1 | 1.56 | 33.17 | 34.73 | NOTE | |
r-devel-linux-x86_64-fedora-clang | 1.0.1 | 62.12 | NOTE | |||
r-devel-linux-x86_64-fedora-gcc | 1.0.1 | 70.84 | NOTE | |||
r-devel-windows-x86_64 | 1.0.1 | 3.00 | 57.00 | 60.00 | NOTE | |
r-patched-linux-x86_64 | 1.0.1 | NOTE | ||||
r-release-linux-x86_64 | 1.0.1 | 1.78 | 43.20 | 44.98 | NOTE | |
r-release-macos-arm64 | 1.0.1 | 28.00 | NOTE | |||
r-release-macos-x86_64 | 1.0.1 | 42.00 | NOTE | |||
r-release-windows-x86_64 | 1.0.1 | 3.00 | 57.00 | 60.00 | NOTE | |
r-oldrel-macos-arm64 | 1.0.1 | 29.00 | NOTE | |||
r-oldrel-macos-x86_64 | 1.0.1 | 44.00 | NOTE | |||
r-oldrel-windows-x86_64 | 1.0.1 | 3.00 | 60.00 | 63.00 | NOTE |
Version: 1.0.1
Check: LazyData
Result: NOTE
'LazyData' is specified without a 'data' directory
Flavors: r-devel-linux-x86_64-debian-clang, r-devel-linux-x86_64-debian-gcc, r-devel-linux-x86_64-fedora-clang, r-devel-linux-x86_64-fedora-gcc, r-devel-windows-x86_64, r-patched-linux-x86_64, r-release-linux-x86_64, r-release-macos-arm64, r-release-macos-x86_64, r-release-windows-x86_64, r-oldrel-macos-arm64, r-oldrel-macos-x86_64, r-oldrel-windows-x86_64