Last updated on 2025-11-16 01:49:34 CET.
| Flavor | Version | Tinstall | Tcheck | Ttotal | Status | Flags |
|---|---|---|---|---|---|---|
| r-devel-linux-x86_64-debian-clang | 1.0-1 | 15.23 | 28.23 | 43.46 | OK | |
| r-devel-linux-x86_64-debian-gcc | 1.0-1 | 10.15 | 23.26 | 33.41 | NOTE | |
| r-devel-linux-x86_64-fedora-clang | 1.0-1 | 39.00 | 34.43 | 73.43 | OK | |
| r-devel-linux-x86_64-fedora-gcc | 1.0-1 | 36.00 | 31.38 | 67.38 | OK | |
| r-devel-windows-x86_64 | 1.0-1 | 25.00 | 65.00 | 90.00 | OK | |
| r-patched-linux-x86_64 | 1.0-1 | 14.33 | 26.49 | 40.82 | OK | |
| r-release-linux-x86_64 | 1.0-1 | 13.95 | 26.85 | 40.80 | OK | |
| r-release-macos-arm64 | 1.0-1 | 7.00 | 17.00 | 24.00 | OK | |
| r-release-macos-x86_64 | 1.0-1 | 9.00 | 30.00 | 39.00 | OK | |
| r-release-windows-x86_64 | 1.0-1 | 19.00 | 60.00 | 79.00 | OK | |
| r-oldrel-macos-arm64 | 1.0-1 | 7.00 | 18.00 | 25.00 | OK | |
| r-oldrel-macos-x86_64 | 1.0-1 | 8.00 | 24.00 | 32.00 | OK | |
| r-oldrel-windows-x86_64 | 1.0-1 | 23.00 | 77.00 | 100.00 | OK |
Version: 1.0-1
Check: CRAN incoming feasibility
Result: NOTE
Maintainer: ‘Victor Maus <vwmaus1@gmail.com>’
The BugReports field in DESCRIPTION has
https://github.com/vwmaus/twdtw/issues/
which should likely be
https://github.com/vwmaus/twdtw/issues/issues
instead.
Flavor: r-devel-linux-x86_64-debian-gcc