Last updated on 2025-05-25 01:50:01 CEST.
Flavor | Version | Tinstall | Tcheck | Ttotal | Status | Flags |
---|---|---|---|---|---|---|
r-devel-linux-x86_64-debian-clang | 0.2.0 | 2.88 | 27.88 | 30.76 | NOTE | |
r-devel-linux-x86_64-debian-gcc | 0.2.0 | 2.31 | 22.12 | 24.43 | NOTE | |
r-devel-linux-x86_64-fedora-clang | 0.2.0 | 48.24 | OK | |||
r-devel-linux-x86_64-fedora-gcc | 0.2.0 | 46.90 | OK | |||
r-devel-windows-x86_64 | 0.2.0 | 5.00 | 88.00 | 93.00 | OK | |
r-patched-linux-x86_64 | 0.2.0 | 3.15 | 27.28 | 30.43 | OK | |
r-release-linux-x86_64 | 0.2.0 | 2.65 | 26.83 | 29.48 | OK | |
r-release-macos-arm64 | 0.2.0 | 19.00 | OK | |||
r-release-macos-x86_64 | 0.2.0 | 33.00 | OK | |||
r-release-windows-x86_64 | 0.2.0 | 5.00 | 51.00 | 56.00 | OK | |
r-oldrel-macos-arm64 | 0.2.0 | 19.00 | OK | |||
r-oldrel-macos-x86_64 | 0.2.0 | 27.00 | OK | |||
r-oldrel-windows-x86_64 | 0.2.0 | 4.00 | 56.00 | 60.00 | OK |
Version: 0.2.0
Check: CRAN incoming feasibility
Result: NOTE
Maintainer: ‘Hugo Gasca-Aragon <hugo_gasca_aragon@hotmail.com>’
No Authors@R field in DESCRIPTION.
Please add one, modifying
Authors@R: person(given = "Hugo",
family = "Gasca-Aragon",
role = c("aut", "cre"),
email = "hugo_gasca_aragon@hotmail.com")
as necessary.
Flavors: r-devel-linux-x86_64-debian-clang, r-devel-linux-x86_64-debian-gcc