CRAN Package Check Results for Package unglue

Last updated on 2025-05-07 01:50:17 CEST.

Flavor Version Tinstall Tcheck Ttotal Status Flags
r-devel-linux-x86_64-debian-clang 0.1.0 1.82 21.77 23.59 OK
r-devel-linux-x86_64-debian-gcc 0.1.0 1.42 17.78 19.20 OK
r-devel-linux-x86_64-fedora-clang 0.1.0 36.10 OK
r-devel-linux-x86_64-fedora-gcc 0.1.0 47.50 OK
r-devel-windows-x86_64 0.1.0 4.00 41.00 45.00 OK
r-patched-linux-x86_64 0.1.0 1.80 19.70 21.50 OK
r-release-linux-x86_64 0.1.0 1.92 20.06 21.98 OK
r-release-macos-arm64 0.1.0 28.00 OK
r-release-macos-x86_64 0.1.0 43.00 OK
r-release-windows-x86_64 0.1.0 3.00 41.00 44.00 OK
r-oldrel-macos-arm64 0.1.0 20.00 NOTE
r-oldrel-macos-x86_64 0.1.0 32.00 NOTE
r-oldrel-windows-x86_64 0.1.0 3.00 46.00 49.00 NOTE

Check Details

Version: 0.1.0
Check: LazyData
Result: NOTE 'LazyData' is specified without a 'data' directory Flavors: r-oldrel-macos-arm64, r-oldrel-macos-x86_64, r-oldrel-windows-x86_64