CRAN Package Check Results for Package unine

Last updated on 2025-11-13 02:52:36 CET.

Flavor Version Tinstall Tcheck Ttotal Status Flags
r-devel-linux-x86_64-debian-clang 0.2.0 30.61 26.57 57.18 NOTE
r-devel-linux-x86_64-debian-gcc 0.2.0 20.67 21.49 42.16 NOTE
r-devel-linux-x86_64-fedora-clang 0.2.0 77.00 35.01 112.01 NOTE
r-devel-linux-x86_64-fedora-gcc 0.2.0 66.00 29.13 95.13 NOTE
r-devel-windows-x86_64 0.2.0 34.00 62.00 96.00 NOTE
r-patched-linux-x86_64 0.2.0 30.79 25.65 56.44 NOTE
r-release-linux-x86_64 0.2.0 29.77 25.42 55.19 NOTE
r-release-macos-arm64 0.2.0 14.00 16.00 30.00 NOTE
r-release-macos-x86_64 0.2.0 12.00 29.00 41.00 NOTE
r-release-windows-x86_64 0.2.0 35.00 60.00 95.00 NOTE
r-oldrel-macos-arm64 0.2.0 15.00 16.00 31.00 NOTE
r-oldrel-macos-x86_64 0.2.0 14.00 25.00 39.00 NOTE
r-oldrel-windows-x86_64 0.2.0 41.00 76.00 117.00 NOTE

Check Details

Version: 0.2.0
Check: C++ specification
Result: NOTE Specified C++11: please drop specification unless essential Flavors: r-devel-linux-x86_64-debian-clang, r-devel-linux-x86_64-debian-gcc, r-devel-linux-x86_64-fedora-clang, r-devel-linux-x86_64-fedora-gcc, r-devel-windows-x86_64, r-patched-linux-x86_64, r-release-linux-x86_64, r-release-macos-arm64, r-release-macos-x86_64, r-release-windows-x86_64, r-oldrel-macos-arm64, r-oldrel-macos-x86_64, r-oldrel-windows-x86_64