Last updated on 2025-05-04 02:50:21 CEST.
Flavor | Version | Tinstall | Tcheck | Ttotal | Status | Flags |
---|---|---|---|---|---|---|
r-devel-linux-x86_64-debian-clang | 0.1.0 | 2.97 | 29.24 | 32.21 | NOTE | |
r-devel-linux-x86_64-debian-gcc | 0.1.0 | 1.95 | 22.85 | 24.80 | NOTE | |
r-devel-linux-x86_64-fedora-clang | 0.1.0 | 50.05 | NOTE | |||
r-devel-linux-x86_64-fedora-gcc | 0.1.0 | 47.74 | NOTE | |||
r-devel-windows-x86_64 | 0.1.0 | 4.00 | 47.00 | 51.00 | NOTE | |
r-patched-linux-x86_64 | 0.1.0 | 3.23 | 27.25 | 30.48 | NOTE | |
r-release-linux-x86_64 | NOTE | |||||
r-release-macos-arm64 | 0.1.0 | 22.00 | NOTE | |||
r-release-macos-x86_64 | 0.1.0 | 29.00 | NOTE | |||
r-release-windows-x86_64 | 0.1.0 | 4.00 | 48.00 | 52.00 | NOTE | |
r-oldrel-macos-arm64 | 0.1.0 | 20.00 | OK | |||
r-oldrel-macos-x86_64 | 0.1.0 | 28.00 | OK | |||
r-oldrel-windows-x86_64 | 0.1.0 | 5.00 | 55.00 | 60.00 | OK |
Version: 0.1.0
Check: DESCRIPTION meta-information
Result: NOTE
Missing dependency on R >= 4.2.0 because package code uses the pipe
placeholder syntax added in R 4.2.0.
File(s) using such syntax:
‘available_version.R’
Flavors: r-devel-linux-x86_64-debian-clang, r-devel-linux-x86_64-debian-gcc, r-devel-linux-x86_64-fedora-clang, r-devel-linux-x86_64-fedora-gcc, r-devel-windows-x86_64, r-patched-linux-x86_64, r-release-linux-x86_64, r-release-macos-arm64, r-release-macos-x86_64, r-release-windows-x86_64