CRAN Package Check Results for Package usedist

Last updated on 2025-05-24 01:51:38 CEST.

Flavor Version Tinstall Tcheck Ttotal Status Flags
r-devel-linux-x86_64-debian-clang 0.4.0 1.73 22.96 24.69 OK
r-devel-linux-x86_64-debian-gcc 0.4.0 1.38 18.39 19.77 OK
r-devel-linux-x86_64-fedora-clang 0.4.0 36.96 OK
r-devel-linux-x86_64-fedora-gcc 0.4.0 34.54 OK
r-devel-windows-x86_64 0.4.0 3.00 80.00 83.00 OK
r-patched-linux-x86_64 0.4.0 1.83 21.12 22.95 OK
r-release-linux-x86_64 0.4.0 1.74 21.13 22.87 OK
r-release-macos-arm64 0.4.0 16.00 OK
r-release-macos-x86_64 0.4.0 27.00 OK
r-release-windows-x86_64 0.4.0 2.00 68.00 70.00 OK
r-oldrel-macos-arm64 0.4.0 21.00 NOTE
r-oldrel-macos-x86_64 0.4.0 23.00 NOTE
r-oldrel-windows-x86_64 0.4.0 4.00 48.00 52.00 NOTE

Check Details

Version: 0.4.0
Check: LazyData
Result: NOTE 'LazyData' is specified without a 'data' directory Flavors: r-oldrel-macos-arm64, r-oldrel-macos-x86_64, r-oldrel-windows-x86_64