CRAN Package Check Results for Package ustyc

Last updated on 2025-05-07 01:50:18 CEST.

Flavor Version Tinstall Tcheck Ttotal Status Flags
r-devel-linux-x86_64-debian-clang 1.0.0 1.94 26.84 28.78 NOTE
r-devel-linux-x86_64-debian-gcc 1.0.0 2.21 20.85 23.06 NOTE
r-devel-linux-x86_64-fedora-clang 1.0.0 46.29 NOTE
r-devel-linux-x86_64-fedora-gcc 1.0.0 44.93 NOTE
r-devel-windows-x86_64 1.0.0 4.00 45.00 49.00 NOTE
r-patched-linux-x86_64 1.0.0 2.85 25.96 28.81 NOTE
r-release-linux-x86_64 1.0.0 2.35 25.85 28.20 NOTE
r-release-macos-arm64 1.0.0 18.00 NOTE
r-release-macos-x86_64 1.0.0 30.00 NOTE
r-release-windows-x86_64 1.0.0 4.00 47.00 51.00 NOTE
r-oldrel-macos-arm64 1.0.0 18.00 NOTE
r-oldrel-macos-x86_64 1.0.0 25.00 NOTE
r-oldrel-windows-x86_64 1.0.0 4.00 51.00 55.00 NOTE

Check Details

Version: 1.0.0
Check: CRAN incoming feasibility
Result: NOTE Maintainer: ‘Matt Barry <mrb@softisms.com>’ No Authors@R field in DESCRIPTION. Please add one, modifying Authors@R: person(given = "Matt", family = "Barry", role = c("aut", "cre"), email = "mrb@softisms.com") as necessary. Flavors: r-devel-linux-x86_64-debian-clang, r-devel-linux-x86_64-debian-gcc

Version: 1.0.0
Check: DESCRIPTION meta-information
Result: NOTE Malformed Title field: should not end in a period. Flavors: r-devel-linux-x86_64-debian-clang, r-devel-linux-x86_64-debian-gcc, r-devel-linux-x86_64-fedora-clang, r-devel-linux-x86_64-fedora-gcc, r-devel-windows-x86_64, r-patched-linux-x86_64, r-release-linux-x86_64, r-release-macos-arm64, r-release-macos-x86_64, r-release-windows-x86_64, r-oldrel-macos-arm64, r-oldrel-macos-x86_64, r-oldrel-windows-x86_64