Last updated on 2024-07-27 01:53:27 CEST.
Flavor | Version | Tinstall | Tcheck | Ttotal | Status | Flags |
---|---|---|---|---|---|---|
r-devel-linux-x86_64-debian-clang | 1.0.0 | 5.36 | 57.51 | 62.87 | OK | |
r-devel-linux-x86_64-debian-gcc | 1.0.0 | 5.12 | 43.28 | 48.40 | OK | |
r-devel-linux-x86_64-fedora-clang | 1.0.0 | 79.90 | NOTE | |||
r-devel-linux-x86_64-fedora-gcc | 1.0.0 | 75.57 | NOTE | |||
r-devel-windows-x86_64 | 1.0.0 | 8.00 | 69.00 | 77.00 | OK | |
r-patched-linux-x86_64 | 1.0.0 | OK | ||||
r-release-linux-x86_64 | 1.0.0 | 4.74 | 53.50 | 58.24 | OK | |
r-release-macos-arm64 | 1.0.0 | 26.00 | OK | |||
r-release-macos-x86_64 | 1.0.0 | 47.00 | OK | |||
r-release-windows-x86_64 | 1.0.0 | 8.00 | 63.00 | 71.00 | OK | |
r-oldrel-macos-arm64 | 1.0.0 | 27.00 | OK | |||
r-oldrel-macos-x86_64 | 1.0.0 | 39.00 | OK | |||
r-oldrel-windows-x86_64 | 1.0.0 | 8.00 | 70.00 | 78.00 | OK |
Version: 1.0.0
Check: dependencies in R code
Result: NOTE
Namespace in Imports field not imported from: ‘Rdpack’
All declared Imports should be used.
Flavors: r-devel-linux-x86_64-fedora-clang, r-devel-linux-x86_64-fedora-gcc