Last updated on 2024-07-27 01:53:27 CEST.
Flavor | Version | Tinstall | Tcheck | Ttotal | Status | Flags |
---|---|---|---|---|---|---|
r-devel-linux-x86_64-debian-clang | 0.8.1 | 165.98 | 531.01 | 696.99 | OK | |
r-devel-linux-x86_64-debian-gcc | 0.8.1 | 128.68 | 397.73 | 526.41 | NOTE | |
r-devel-linux-x86_64-fedora-clang | 0.8.1 | 1028.34 | OK | |||
r-devel-linux-x86_64-fedora-gcc | 0.8.1 | 936.60 | OK | |||
r-devel-windows-x86_64 | 0.8.1 | 157.00 | 406.00 | 563.00 | NOTE | |
r-patched-linux-x86_64 | 0.8.1 | OK | ||||
r-release-linux-x86_64 | 0.8.1 | 119.47 | 500.48 | 619.95 | OK | |
r-release-macos-arm64 | 0.8.1 | 237.00 | NOTE | |||
r-release-macos-x86_64 | 0.8.1 | 339.00 | NOTE | |||
r-release-windows-x86_64 | 0.8.1 | 180.00 | 400.00 | 580.00 | OK | |
r-oldrel-macos-arm64 | 0.8.1 | 250.00 | NOTE | |||
r-oldrel-macos-x86_64 | 0.8.1 | 439.00 | NOTE | |||
r-oldrel-windows-x86_64 | 0.8.1 | 177.00 | 529.00 | 706.00 | OK |
Version: 0.8.1
Check: Rd cross-references
Result: NOTE
Found the following Rd file(s) with Rd \link{} targets missing package
anchors:
bed_map.Rd: count
bed_partition.Rd: count
Please provide package anchors for all Rd \link{} targets not in the
package itself and the base packages.
Flavors: r-devel-linux-x86_64-debian-gcc, r-devel-windows-x86_64
Version: 0.8.1
Check: installed package size
Result: NOTE
installed size is 7.3Mb
sub-directories of 1Mb or more:
libs 6.2Mb
Flavors: r-release-macos-arm64, r-release-macos-x86_64, r-oldrel-macos-arm64, r-oldrel-macos-x86_64