Last updated on 2025-11-20 03:50:28 CET.
| Flavor | Version | Tinstall | Tcheck | Ttotal | Status | Flags |
|---|---|---|---|---|---|---|
| r-devel-linux-x86_64-debian-clang | 0.12.0 | 73.69 | 66.15 | 139.84 | OK | |
| r-devel-linux-x86_64-debian-gcc | 0.13.0 | 60.29 | 49.69 | 109.98 | OK | |
| r-devel-linux-x86_64-fedora-clang | 0.13.0 | 86.00 | 162.99 | 248.99 | OK | |
| r-devel-linux-x86_64-fedora-gcc | 0.13.0 | 174.00 | 123.94 | 297.94 | OK | |
| r-devel-windows-x86_64 | 0.12.0 | 140.00 | 592.00 | 732.00 | OK | |
| r-patched-linux-x86_64 | 0.13.0 | 88.67 | 61.60 | 150.27 | OK | |
| r-release-linux-x86_64 | 0.12.0 | 88.46 | 61.39 | 149.85 | OK | |
| r-release-macos-arm64 | 0.12.0 | 36.00 | -2.00 | 34.00 | OK | |
| r-release-macos-x86_64 | 0.13.0 | 46.00 | 106.00 | 152.00 | OK | |
| r-release-windows-x86_64 | 0.12.0 | 118.00 | 552.00 | 670.00 | OK | |
| r-oldrel-macos-arm64 | 0.13.0 | 2.00 | 9.00 | 11.00 | ERROR | |
| r-oldrel-macos-x86_64 | 0.13.0 | 77.00 | 105.00 | 182.00 | NOTE | |
| r-oldrel-windows-x86_64 | 0.12.0 | 147.00 | 777.00 | 924.00 | NOTE |
Version: 0.13.0
Check: whether package can be installed
Result: ERROR
Installation failed.
Flavor: r-oldrel-macos-arm64
Version: 0.13.0
Check: installed package size
Result: NOTE
installed size is 65.8Mb
sub-directories of 1Mb or more:
extdata 2.8Mb
libs 61.5Mb
Flavor: r-oldrel-macos-x86_64
Version: 0.12.0
Check: installed package size
Result: NOTE
installed size is 109.3Mb
sub-directories of 1Mb or more:
extdata 2.8Mb
gdal 3.0Mb
libs 93.1Mb
proj 9.0Mb
Flavor: r-oldrel-windows-x86_64