Last updated on 2025-11-19 01:49:06 CET.
| Flavor | Version | Tinstall | Tcheck | Ttotal | Status | Flags |
|---|---|---|---|---|---|---|
| r-devel-linux-x86_64-debian-clang | 0.1.1 | 7.09 | 62.65 | 69.74 | OK | |
| r-devel-linux-x86_64-debian-gcc | 0.1.1 | 5.59 | 49.78 | 55.37 | OK | |
| r-devel-linux-x86_64-fedora-clang | 0.1.1 | 15.00 | 87.93 | 102.93 | OK | |
| r-devel-linux-x86_64-fedora-gcc | 0.1.1 | 14.00 | 84.50 | 98.50 | OK | |
| r-devel-windows-x86_64 | 0.1.1 | 9.00 | 65.00 | 74.00 | OK | |
| r-patched-linux-x86_64 | 0.1.1 | 7.01 | 57.43 | 64.44 | OK | |
| r-release-linux-x86_64 | 0.1.1 | 6.39 | 59.21 | 65.60 | OK | |
| r-release-macos-arm64 | 0.1.1 | 4.00 | 28.00 | 32.00 | OK | |
| r-release-macos-x86_64 | 0.1.1 | 6.00 | 49.00 | 55.00 | OK | |
| r-release-windows-x86_64 | 0.1.1 | 8.00 | 67.00 | 75.00 | OK | |
| r-oldrel-macos-arm64 | 0.1.1 | 3.00 | 28.00 | 31.00 | NOTE | |
| r-oldrel-macos-x86_64 | 0.1.1 | 5.00 | 40.00 | 45.00 | NOTE | |
| r-oldrel-windows-x86_64 | 0.1.1 | 11.00 | 80.00 | 91.00 | NOTE |
Version: 0.1.1
Check: LazyData
Result: NOTE
'LazyData' is specified without a 'data' directory
Flavors: r-oldrel-macos-arm64, r-oldrel-macos-x86_64, r-oldrel-windows-x86_64