Last updated on 2024-07-27 01:53:27 CEST.
Flavor | Version | Tinstall | Tcheck | Ttotal | Status | Flags |
---|---|---|---|---|---|---|
r-devel-linux-x86_64-debian-clang | 2.6-6.1 | 51.41 | 375.40 | 426.81 | OK | |
r-devel-linux-x86_64-debian-gcc | 2.6-6.1 | 36.91 | 266.99 | 303.90 | NOTE | |
r-devel-linux-x86_64-fedora-clang | 2.6-6.1 | 507.99 | OK | |||
r-devel-linux-x86_64-fedora-gcc | 2.6-6.1 | 489.78 | OK | |||
r-devel-windows-x86_64 | 2.6-6.1 | 47.00 | 369.00 | 416.00 | NOTE | |
r-patched-linux-x86_64 | 2.6-6.1 | OK | ||||
r-release-linux-x86_64 | 2.6-6.1 | 37.25 | 347.50 | 384.75 | OK | |
r-release-macos-arm64 | 2.6-6.1 | 139.00 | OK | |||
r-release-macos-x86_64 | 2.6-6.1 | 263.00 | OK | |||
r-release-windows-x86_64 | 2.6-6.1 | 44.00 | 361.00 | 405.00 | OK | |
r-oldrel-macos-arm64 | 2.6-6.1 | 154.00 | OK | |||
r-oldrel-macos-x86_64 | 2.6-6.1 | 450.00 | OK | |||
r-oldrel-windows-x86_64 | 2.6-6.1 | 57.00 | 423.00 | 480.00 | OK |
Version: 2.6-6.1
Check: Rd cross-references
Result: NOTE
Found the following Rd file(s) with Rd \link{} targets missing package
anchors:
metaMDS.Rd: isoMDS
permutations.Rd: how
permutest.betadisper.Rd: how
Please provide package anchors for all Rd \link{} targets not in the
package itself and the base packages.
Flavors: r-devel-linux-x86_64-debian-gcc, r-devel-windows-x86_64