Last updated on 2024-07-27 01:53:27 CEST.
Flavor | Version | Tinstall | Tcheck | Ttotal | Status | Flags |
---|---|---|---|---|---|---|
r-devel-linux-x86_64-debian-clang | 1.3-0 | 11.62 | 87.57 | 99.19 | OK | |
r-devel-linux-x86_64-debian-gcc | 1.3-0 | 8.60 | 66.23 | 74.83 | NOTE | |
r-devel-linux-x86_64-fedora-clang | 1.3-0 | 119.34 | OK | |||
r-devel-linux-x86_64-fedora-gcc | 1.3-0 | 111.58 | OK | |||
r-devel-windows-x86_64 | 1.3-0 | 11.00 | 78.00 | 89.00 | NOTE | |
r-patched-linux-x86_64 | 1.3-0 | OK | ||||
r-release-linux-x86_64 | 1.3-0 | 10.03 | 81.73 | 91.76 | OK | |
r-release-macos-arm64 | 1.3-0 | 35.00 | OK | |||
r-release-macos-x86_64 | 1.3-0 | 54.00 | OK | |||
r-release-windows-x86_64 | 1.3-0 | 10.00 | 77.00 | 87.00 | OK | |
r-oldrel-macos-arm64 | 1.3-0 | 52.00 | OK | |||
r-oldrel-macos-x86_64 | 1.3-0 | 80.00 | OK | |||
r-oldrel-windows-x86_64 | 1.3-0 | 12.00 | 94.00 | 106.00 | OK |
Version: 1.3-0
Check: Rd cross-references
Result: NOTE
Found the following Rd file(s) with Rd \link{} targets missing package
anchors:
ordiplot3d.Rd: envfit, ordiplot
ordirgl.Rd: scores, envfit, cca, decorana
vegan3d-package.Rd: rgl
Please provide package anchors for all Rd \link{} targets not in the
package itself and the base packages.
Flavors: r-devel-linux-x86_64-debian-gcc, r-devel-windows-x86_64