Last updated on 2025-11-13 02:52:37 CET.
| Flavor | Version | Tinstall | Tcheck | Ttotal | Status | Flags |
|---|---|---|---|---|---|---|
| r-devel-linux-x86_64-debian-clang | 1.0.6 | 62.12 | 186.40 | 248.52 | OK | |
| r-devel-linux-x86_64-debian-gcc | 1.0.6 | 45.56 | 139.92 | 185.48 | OK | |
| r-devel-linux-x86_64-fedora-clang | 1.0.6 | 546.00 | -113.03 | 432.97 | OK | |
| r-devel-linux-x86_64-fedora-gcc | 1.0.6 | 106.00 | 278.39 | 384.39 | OK | |
| r-devel-windows-x86_64 | 1.0.6 | 69.00 | 189.00 | 258.00 | OK | |
| r-patched-linux-x86_64 | 1.0.6 | 66.45 | 179.13 | 245.58 | OK | |
| r-release-linux-x86_64 | 1.0.6 | 63.97 | 179.51 | 243.48 | OK | |
| r-release-macos-arm64 | 1.0.6 | 38.00 | 135.00 | 173.00 | OK | |
| r-release-macos-x86_64 | 1.0.6 | 52.00 | 218.00 | 270.00 | OK | |
| r-release-windows-x86_64 | 1.0.6 | 70.00 | 190.00 | 260.00 | OK | |
| r-oldrel-macos-arm64 | 1.0.6 | 25.00 | 83.00 | 108.00 | NOTE | |
| r-oldrel-macos-x86_64 | 1.0.6 | 55.00 | 149.00 | 204.00 | NOTE | |
| r-oldrel-windows-x86_64 | 1.0.6 | 83.00 | 263.00 | 346.00 | OK |
Version: 1.0.6
Check: installed package size
Result: NOTE
installed size is 7.2Mb
sub-directories of 1Mb or more:
libs 6.7Mb
Flavors: r-oldrel-macos-arm64, r-oldrel-macos-x86_64