Last updated on 2024-07-27 01:53:27 CEST.
Flavor | Version | Tinstall | Tcheck | Ttotal | Status | Flags |
---|---|---|---|---|---|---|
r-devel-linux-x86_64-debian-clang | 0.4.0 | 4.50 | 52.79 | 57.29 | OK | |
r-devel-linux-x86_64-debian-gcc | 0.4.0 | 3.83 | 39.06 | 42.89 | OK | |
r-devel-linux-x86_64-fedora-clang | 0.4.0 | 72.38 | NOTE | |||
r-devel-linux-x86_64-fedora-gcc | 0.4.0 | 79.45 | NOTE | |||
r-devel-windows-x86_64 | 0.4.0 | 5.00 | 57.00 | 62.00 | OK | |
r-patched-linux-x86_64 | 0.4.0 | OK | ||||
r-release-linux-x86_64 | 0.4.0 | 3.65 | 51.14 | 54.79 | OK | |
r-release-macos-arm64 | 0.4.0 | 28.00 | OK | |||
r-release-macos-x86_64 | 0.4.0 | 44.00 | OK | |||
r-release-windows-x86_64 | 0.4.0 | 5.00 | 57.00 | 62.00 | OK | |
r-oldrel-macos-arm64 | 0.4.0 | 36.00 | OK | |||
r-oldrel-macos-x86_64 | 0.4.0 | 55.00 | OK | |||
r-oldrel-windows-x86_64 | 0.4.0 | 6.00 | 65.00 | 71.00 | OK |
Version: 0.4.0
Check: data for non-ASCII characters
Result: NOTE
Note: found 468 marked UTF-8 strings
Flavors: r-devel-linux-x86_64-fedora-clang, r-devel-linux-x86_64-fedora-gcc