Last updated on 2024-07-27 01:53:27 CEST.
Flavor | Version | Tinstall | Tcheck | Ttotal | Status | Flags |
---|---|---|---|---|---|---|
r-devel-linux-x86_64-debian-clang | 1.3.11 | 35.37 | 317.53 | 352.90 | OK | |
r-devel-linux-x86_64-debian-gcc | 1.3.11 | 27.52 | 225.49 | 253.01 | OK | |
r-devel-linux-x86_64-fedora-clang | 1.3.11 | 338.77 | NOTE | |||
r-devel-linux-x86_64-fedora-gcc | 1.3.11 | 363.10 | OK | |||
r-devel-windows-x86_64 | 1.3.11 | 26.00 | 187.00 | 213.00 | OK | |
r-patched-linux-x86_64 | 1.3.11 | OK | ||||
r-release-linux-x86_64 | 1.3.11 | 24.85 | 302.71 | 327.56 | OK | |
r-release-macos-arm64 | 1.3.11 | 200.00 | OK | |||
r-release-macos-x86_64 | 1.3.11 | 200.00 | OK | |||
r-release-windows-x86_64 | 1.3.11 | 24.00 | 186.00 | 210.00 | OK | |
r-oldrel-macos-arm64 | 1.3.11 | 112.00 | OK | |||
r-oldrel-macos-x86_64 | 1.3.11 | 263.00 | OK | |||
r-oldrel-windows-x86_64 | 1.3.11 | 29.00 | 230.00 | 259.00 | OK |
Version: 1.3.11
Check: package dependencies
Result: NOTE
Imports includes 26 non-default packages.
Importing from so many packages makes the package vulnerable to any of
them becoming unavailable. Move as many as possible to Suggests and
use conditionally.
Flavor: r-devel-linux-x86_64-fedora-clang