CRAN Package Check Results for Package vita

Last updated on 2025-05-06 02:50:36 CEST.

Flavor Version Tinstall Tcheck Ttotal Status Flags
r-devel-linux-x86_64-debian-clang 1.0.0 18.17 37.22 55.39 OK
r-devel-linux-x86_64-debian-gcc 1.0.0 15.31 29.14 44.45 OK
r-devel-linux-x86_64-fedora-clang 1.0.0 96.77 NOTE
r-devel-linux-x86_64-fedora-gcc 1.0.0 98.14 NOTE
r-devel-windows-x86_64 1.0.0 22.00 74.00 96.00 OK
r-patched-linux-x86_64 1.0.0 20.17 35.29 55.46 OK
r-release-linux-x86_64 1.0.0 19.75 35.40 55.15 OK
r-release-macos-arm64 1.0.0 39.00 OK
r-release-macos-x86_64 1.0.0 62.00 OK
r-release-windows-x86_64 1.0.0 24.00 78.00 102.00 OK
r-oldrel-macos-arm64 1.0.0 30.00 NOTE
r-oldrel-macos-x86_64 1.0.0 50.00 NOTE
r-oldrel-windows-x86_64 1.0.0 22.00 88.00 110.00 NOTE

Check Details

Version: 1.0.0
Check: compiled code
Result: NOTE File ‘vita/libs/vita.so’: Found no calls to: ‘R_registerRoutines’, ‘R_useDynamicSymbols’ It is good practice to register native routines and to disable symbol search. See ‘Writing portable packages’ in the ‘Writing R Extensions’ manual. Flavors: r-devel-linux-x86_64-fedora-clang, r-devel-linux-x86_64-fedora-gcc

Version: 1.0.0
Check: LazyData
Result: NOTE 'LazyData' is specified without a 'data' directory Flavors: r-oldrel-macos-arm64, r-oldrel-macos-x86_64, r-oldrel-windows-x86_64