Last updated on 2024-07-27 01:53:27 CEST.
Flavor | Version | Tinstall | Tcheck | Ttotal | Status | Flags |
---|---|---|---|---|---|---|
r-devel-linux-x86_64-debian-clang | 1.0.8 | 650.69 | 310.57 | 961.26 | OK | |
r-devel-linux-x86_64-debian-gcc | 1.0.8 | 546.55 | 280.14 | 826.69 | NOTE | |
r-devel-linux-x86_64-fedora-clang | 1.0.8 | 1237.88 | NOTE | |||
r-devel-linux-x86_64-fedora-gcc | 1.0.8 | 1684.16 | NOTE | |||
r-devel-windows-x86_64 | 1.0.8 | 505.00 | 303.00 | 808.00 | NOTE | |
r-patched-linux-x86_64 | 1.0.8 | OK | ||||
r-release-linux-x86_64 | 1.0.8 | 527.64 | 379.22 | 906.86 | OK | |
r-release-macos-arm64 | 1.0.8 | 290.00 | NOTE | |||
r-release-macos-x86_64 | 1.0.8 | 285.00 | NOTE | |||
r-release-windows-x86_64 | 1.0.8 | 529.00 | 305.00 | 834.00 | NOTE | |
r-oldrel-macos-arm64 | 1.0.8 | 532.00 | NOTE | |||
r-oldrel-macos-x86_64 | 1.0.8 | 761.00 | NOTE | |||
r-oldrel-windows-x86_64 | 1.0.8 | 683.00 | 345.00 | 1028.00 | NOTE |
Version: 1.0.8
Check: Rd cross-references
Result: NOTE
Found the following Rd file(s) with Rd \link{} targets missing package
anchors:
plot_coefs.Rd: ppc_ribbon
plot_fit.Rd: ppc_ribbon
plot_predict.Rd: geom_ribbon
pp_check.walker_fit.Rd: ppc_ribbon
print.walker_fit.Rd: print.stanfit
walker.Rd: sampling
walker_glm.Rd: sampling
walker_rw1.Rd: sampling
Please provide package anchors for all Rd \link{} targets not in the
package itself and the base packages.
Flavors: r-devel-linux-x86_64-debian-gcc, r-devel-windows-x86_64
Version: 1.0.8
Check: installed package size
Result: NOTE
installed size is 7.3Mb
sub-directories of 1Mb or more:
libs 5.9Mb
Flavors: r-devel-linux-x86_64-fedora-clang, r-devel-windows-x86_64, r-release-macos-arm64, r-release-macos-x86_64, r-release-windows-x86_64, r-oldrel-macos-arm64, r-oldrel-macos-x86_64, r-oldrel-windows-x86_64
Version: 1.0.8
Check: for GNU extensions in Makefiles
Result: NOTE
GNU make is a SystemRequirements.
Flavors: r-devel-linux-x86_64-fedora-clang, r-devel-linux-x86_64-fedora-gcc, r-release-macos-arm64, r-release-macos-x86_64, r-oldrel-macos-arm64, r-oldrel-macos-x86_64