CRAN Package Check Results for Package warabandi

Last updated on 2025-10-09 02:52:02 CEST.

Flavor Version Tinstall Tcheck Ttotal Status Flags
r-devel-linux-x86_64-debian-clang 0.1.0 1.82 27.53 29.35 NOTE
r-devel-linux-x86_64-debian-gcc 0.1.0 1.43 21.17 22.60 NOTE
r-devel-linux-x86_64-fedora-clang 0.1.0 44.92 NOTE
r-devel-linux-x86_64-fedora-gcc 0.1.0 62.00 NOTE
r-devel-windows-x86_64 0.1.0 4.00 46.00 50.00 OK
r-patched-linux-x86_64 0.1.0 2.00 25.15 27.15 OK
r-release-linux-x86_64 0.1.0 1.85 25.70 27.55 OK
r-release-macos-arm64 0.1.0 22.00 OK
r-release-macos-x86_64 0.1.0 41.00 OK
r-release-windows-x86_64 0.1.0 4.00 46.00 50.00 OK
r-oldrel-macos-arm64 0.1.0 22.00 OK
r-oldrel-macos-x86_64 0.1.0 34.00 OK
r-oldrel-windows-x86_64 0.1.0 5.00 52.00 57.00 OK

Check Details

Version: 0.1.0
Check: CRAN incoming feasibility
Result: NOTE Maintainer: ‘Harvinder Singh <harvindermaan4@gmail.com>’ No Authors@R field in DESCRIPTION. Please add one, modifying Authors@R: person(given = "Harvinder", family = "Singh", role = c("aut", "cre"), email = "harvindermaan4@gmail.com") as necessary. Flavors: r-devel-linux-x86_64-debian-clang, r-devel-linux-x86_64-debian-gcc

Version: 0.1.0
Check: dependencies in R code
Result: NOTE Namespace in Imports field not imported from: ‘flextable’ All declared Imports should be used. Flavors: r-devel-linux-x86_64-fedora-clang, r-devel-linux-x86_64-fedora-gcc