CRAN Package Check Results for Package waterData

Last updated on 2025-05-06 02:50:36 CEST.

Flavor Version Tinstall Tcheck Ttotal Status Flags
r-devel-linux-x86_64-debian-clang 1.0.8 5.61 62.08 67.69 NOTE
r-devel-linux-x86_64-debian-gcc 1.0.8 4.39 48.21 52.60 NOTE
r-devel-linux-x86_64-fedora-clang 1.0.8 103.40 OK
r-devel-linux-x86_64-fedora-gcc 1.0.8 119.13 OK
r-devel-windows-x86_64 1.0.8 7.00 95.00 102.00 NOTE
r-patched-linux-x86_64 1.0.8 5.48 59.56 65.04 NOTE
r-release-linux-x86_64 1.0.8 4.37 60.09 64.46 NOTE
r-release-macos-arm64 1.0.8 43.00 OK
r-release-macos-x86_64 1.0.8 74.00 OK
r-release-windows-x86_64 1.0.8 8.00 96.00 104.00 NOTE
r-oldrel-macos-arm64 1.0.8 40.00 OK
r-oldrel-macos-x86_64 1.0.8 62.00 OK
r-oldrel-windows-x86_64 1.0.8 10.00 105.00 115.00 OK

Check Details

Version: 1.0.8
Check: CRAN incoming feasibility
Result: NOTE Maintainer: ‘Karen R. Ryberg <kryberg@usgs.gov>’ No Authors@R field in DESCRIPTION. Please add one, modifying Authors@R: c(person(given = c("Karen", "R."), family = "Ryberg", role = c("aut", "cre"), email = "kryberg@usgs.gov"), person(given = c("Aldo", "V."), family = "Vecchia", role = "aut")) as necessary. Flavors: r-devel-linux-x86_64-debian-clang, r-devel-linux-x86_64-debian-gcc

Version: 1.0.8
Check: Rd cross-references
Result: NOTE Found the following Rd file(s) with Rd \link{} targets missing package anchors: plotParam.Rd: xyplot Please provide package anchors for all Rd \link{} targets not in the package itself and the base packages. Flavors: r-devel-linux-x86_64-debian-clang, r-devel-linux-x86_64-debian-gcc, r-devel-windows-x86_64, r-patched-linux-x86_64, r-release-linux-x86_64, r-release-windows-x86_64