Last updated on 2024-07-27 01:53:27 CEST.
Flavor | Version | Tinstall | Tcheck | Ttotal | Status | Flags |
---|---|---|---|---|---|---|
r-devel-linux-x86_64-debian-clang | 0.6.0 | 6.90 | 618.34 | 625.24 | OK | |
r-devel-linux-x86_64-debian-gcc | 0.6.0 | 6.11 | 440.37 | 446.48 | OK | |
r-devel-linux-x86_64-fedora-clang | 0.6.0 | 502.65 | NOTE | |||
r-devel-linux-x86_64-fedora-gcc | 0.6.0 | 760.89 | NOTE | |||
r-devel-windows-x86_64 | 0.6.0 | 9.00 | 318.00 | 327.00 | OK | |
r-patched-linux-x86_64 | 0.6.0 | OK | ||||
r-release-linux-x86_64 | 0.6.0 | 7.59 | 620.55 | 628.14 | OK | |
r-release-macos-arm64 | 0.6.0 | 202.00 | OK | |||
r-release-macos-x86_64 | 0.6.0 | 435.00 | OK | |||
r-release-windows-x86_64 | 0.6.0 | 9.00 | 356.00 | 365.00 | OK | |
r-oldrel-macos-arm64 | 0.6.0 | 223.00 | OK | |||
r-oldrel-macos-x86_64 | 0.6.0 | 348.00 | OK | |||
r-oldrel-windows-x86_64 | 0.6.0 | 11.00 | 411.00 | 422.00 | OK |
Version: 0.6.0
Check: data for non-ASCII characters
Result: NOTE
Note: found 1 marked UTF-8 string
Flavors: r-devel-linux-x86_64-fedora-clang, r-devel-linux-x86_64-fedora-gcc