Last updated on 2025-11-13 01:50:38 CET.
| Flavor | Version | Tinstall | Tcheck | Ttotal | Status | Flags |
|---|---|---|---|---|---|---|
| r-devel-linux-x86_64-debian-clang | 2.0.2 | 29.81 | 306.09 | 335.90 | OK | |
| r-devel-linux-x86_64-debian-gcc | 2.0.2 | 16.56 | 178.65 | 195.21 | ERROR | |
| r-devel-linux-x86_64-fedora-clang | 2.0.2 | 61.00 | 470.60 | 531.60 | OK | |
| r-devel-linux-x86_64-fedora-gcc | 2.0.2 | 56.00 | 450.30 | 506.30 | OK | |
| r-devel-windows-x86_64 | 2.0.2 | 26.00 | 286.00 | 312.00 | OK | |
| r-patched-linux-x86_64 | 2.0.2 | 28.61 | 283.12 | 311.73 | OK | |
| r-release-linux-x86_64 | 2.0.2 | 24.73 | 284.65 | 309.38 | OK | |
| r-release-macos-arm64 | 2.0.2 | 12.00 | 145.00 | 157.00 | OK | |
| r-release-macos-x86_64 | 2.0.2 | 38.00 | 285.00 | 323.00 | OK | |
| r-release-windows-x86_64 | 2.0.2 | 24.00 | 288.00 | 312.00 | OK | |
| r-oldrel-macos-arm64 | 2.0.2 | 11.00 | 142.00 | 153.00 | OK | |
| r-oldrel-macos-x86_64 | 2.0.2 | 25.00 | 249.00 | 274.00 | OK | |
| r-oldrel-windows-x86_64 | 2.0.2 | 35.00 | 374.00 | 409.00 | OK |
Version: 2.0.2
Check: tests
Result: ERROR
Running ‘spelling.R’ [0s/0s]
Running ‘testthat.R’ [1m/10m]
Running the tests in ‘tests/testthat.R’ failed.
Complete output:
> # This file is part of the standard setup for testthat.
> # It is recommended that you do not modify it.
> #
> # Where should you do additional test configuration?
> # Learn more about the roles of various files in:
> # * https://r-pkgs.org/tests.html
> # * https://testthat.r-lib.org/reference/test_package.html#special-files
>
> library(testthat)
> library(weatherOz)
Attaching package: 'weatherOz'
The following object is masked from 'package:graphics':
plot
The following object is masked from 'package:base':
plot
>
> test_check("weatherOz")
Starting 2 test processes
[ FAIL 1 | WARN 2 | SKIP 87 | PASS 80 ]
══ Skipped tests (87) ══════════════════════════════════════════════════════════
• On CRAN (87): 'test-find_nearby_stations.R:5:15',
'test-find_nearby_stations.R:32:15', 'test-find_nearby_stations.R:48:15',
'test-find_nearby_stations.R:76:15', 'test-find_nearby_stations.R:104:15',
'test-find_nearby_stations.R:131:15', 'test-find_nearby_stations.R:158:15',
'test-find_nearby_stations.R:186:15', 'test-find_nearby_stations.R:214:15',
'test-find_nearby_stations.R:226:13', 'test-get_ag_bulletin.R:4:3',
'test-get_coastal_forecast.R:4:3', 'test-get_coastal_forecast.R:29:3',
'test-get_coastal_forecast.R:35:3', 'test-get_coastal_forecast.R:41:3',
'test-get_coastal_forecast.R:47:3', 'test-get_coastal_forecast.R:53:3',
'test-get_coastal_forecast.R:59:3', 'test-get_coastal_forecast.R:65:3',
'test-get_coastal_forecast.R:71:3', 'test-get_coastal_forecast.R:79:3',
'test-get_coastal_forecast.R:87:3', 'test-get_coastal_forecast.R:123:3',
'test-get_coastal_forecast.R:138:3', 'test-get_coastal_forecast.R:153:3',
'test-get_coastal_forecast.R:168:3', 'test-get_coastal_forecast.R:183:3',
'test-get_coastal_forecast.R:198:3', 'test-get_coastal_forecast.R:213:3',
'test-get_coastal_forecast.R:228:3', 'test-get_coastal_forecast.R:237:3',
'test-get_coastal_forecast.R:245:3', 'test-get_coastal_forecast.R:250:3',
'test-get_data_drill.R:56:5', 'test-get_data_drill.R:121:5',
'test-get_data_drill_apsim.R:42:5', 'test-get_dpird_apsim.R:4:5',
'test-get_dpird_availability.R:41:15', 'test-get_dpird_availability.R:71:15',
'test-get_dpird_extremes.R:34:5', 'test-get_dpird_extremes.R:92:5',
'test-get_dpird_minute.R:57:5', 'test-get_dpird_summaries.R:105:15',
'test-get_dpird_summaries.R:143:15', 'test-get_dpird_summaries.R:185:15',
'test-get_dpird_summaries.R:230:15', 'test-get_dpird_summaries.R:279:15',
'test-get_dpird_summaries.R:332:15', 'test-get_patched_point.R:44:5',
'test-get_patched_point.R:113:23', 'test-get_patched_point_apsim.R:34:5',
'test-get_precis_forecast.R:5:3', 'test-get_precis_forecast.R:59:3',
'test-get_precis_forecast.R:65:3', 'test-get_precis_forecast.R:71:3',
'test-get_precis_forecast.R:77:3', 'test-get_precis_forecast.R:83:3',
'test-get_precis_forecast.R:89:3', 'test-get_precis_forecast.R:95:3',
'test-get_precis_forecast.R:101:3', 'test-get_precis_forecast.R:109:3',
'test-get_precis_forecast.R:118:3', 'test-get_precis_forecast.R:180:3',
'test-get_precis_forecast.R:194:3', 'test-get_precis_forecast.R:208:3',
'test-get_precis_forecast.R:222:3', 'test-get_precis_forecast.R:236:3',
'test-get_precis_forecast.R:250:3', 'test-get_precis_forecast.R:264:3',
'test-get_precis_forecast.R:278:3', 'test-get_precis_forecast.R:286:3',
'test-get_precis_forecast.R:294:3', 'test-get_precis_forecast.R:299:3',
'test-get_radar_imagery.R:3:3', 'test-get_radar_imagery.R:8:3',
'test-get_radar_imagery.R:23:3', 'test-get_radar_imagery.R:30:3',
'test-get_satellite_imagery.R:2:3', 'test-get_satellite_imagery.R:9:3',
'test-get_satellite_imagery.R:20:3', 'test-get_satellite_imagery.R:29:3',
'test-get_stations_metadata.R:5:15', 'test-get_stations_metadata.R:33:15',
'test-get_stations_metadata.R:66:15', 'test-get_stations_metadata.R:123:15',
'test-get_stations_metadata.R:153:15', 'test-get_stations_metadata.R:184:17'
══ Failed tests ════════════════════════════════════════════════════════════════
── Error ('test-find_stations_in.R:4:5'): find_stations_in() works with {sf} polygon ──
Error: The BOM server with the station location information is not responding. Please retry again later.
Backtrace:
▆
1. ├─vcr::use_cassette(...) at test-find_stations_in.R:3:3
2. │ └─base::withCallingHandlers(...)
3. └─weatherOz::find_stations_in(...) at test-find_stations_in.R:4:5
4. └─weatherOz::get_stations_metadata(...)
5. └─weatherOz:::.fetch_silo_metadata()
6. └─weatherOz:::.get_bom_metadata()
7. └─base::tryCatch(...)
8. └─base (local) tryCatchList(expr, classes, parentenv, handlers)
9. └─base (local) tryCatchOne(expr, names, parentenv, handlers[[1L]])
10. └─value[[3L]](cond)
[ FAIL 1 | WARN 2 | SKIP 87 | PASS 80 ]
Error: Test failures
Execution halted
Flavor: r-devel-linux-x86_64-debian-gcc