Last updated on 2025-05-07 01:50:18 CEST.
Flavor | Version | Tinstall | Tcheck | Ttotal | Status | Flags |
---|---|---|---|---|---|---|
r-devel-linux-x86_64-debian-clang | 0.25 | 3.11 | 28.87 | 31.98 | NOTE | |
r-devel-linux-x86_64-debian-gcc | 0.25 | 2.15 | 21.95 | 24.10 | NOTE | |
r-devel-linux-x86_64-fedora-clang | 0.25 | 50.86 | OK | |||
r-devel-linux-x86_64-fedora-gcc | 0.25 | 48.11 | OK | |||
r-devel-windows-x86_64 | 0.25 | 5.00 | 46.00 | 51.00 | OK | |
r-patched-linux-x86_64 | 0.25 | 3.56 | 27.78 | 31.34 | OK | |
r-release-linux-x86_64 | 0.25 | 3.18 | 27.82 | 31.00 | OK | |
r-release-macos-arm64 | 0.25 | 18.00 | OK | |||
r-release-macos-x86_64 | 0.25 | 38.00 | OK | |||
r-release-windows-x86_64 | 0.25 | 5.00 | 55.00 | 60.00 | OK | |
r-oldrel-macos-arm64 | 0.25 | 17.00 | OK | |||
r-oldrel-macos-x86_64 | 0.25 | 30.00 | OK | |||
r-oldrel-windows-x86_64 | 0.25 | 4.00 | 48.00 | 52.00 | OK |
Version: 0.25
Check: CRAN incoming feasibility
Result: NOTE
Maintainer: ‘William Asquith <william.asquith@ttu.edu>’
No Authors@R field in DESCRIPTION.
Please add one, modifying
Authors@R: person(given = "William",
family = "Asquith",
role = c("aut", "cre"),
email = "william.asquith@ttu.edu")
as necessary.
Package CITATION file contains call(s) to old-style personList() or
as.personList(). Please use c() on person objects instead.
Package CITATION file contains call(s) to old-style citEntry(). Please
use bibentry() instead.
Flavors: r-devel-linux-x86_64-debian-clang, r-devel-linux-x86_64-debian-gcc