Last updated on 2025-05-07 01:50:19 CEST.
Flavor | Version | Tinstall | Tcheck | Ttotal | Status | Flags |
---|---|---|---|---|---|---|
r-devel-linux-x86_64-debian-clang | 0.2.1 | 2.18 | 20.36 | 22.54 | NOTE | |
r-devel-linux-x86_64-debian-gcc | 0.2.1 | 1.56 | 16.05 | 17.61 | NOTE | |
r-devel-linux-x86_64-fedora-clang | 0.2.1 | 35.11 | OK | |||
r-devel-linux-x86_64-fedora-gcc | 0.2.1 | 33.29 | OK | |||
r-devel-windows-x86_64 | 0.2.1 | 5.00 | 40.00 | 45.00 | OK | |
r-patched-linux-x86_64 | 0.2.1 | 2.08 | 19.34 | 21.42 | OK | |
r-release-linux-x86_64 | 0.2.1 | 2.11 | 19.62 | 21.73 | OK | |
r-release-macos-arm64 | 0.2.1 | 16.00 | OK | |||
r-release-macos-x86_64 | 0.2.1 | 24.00 | OK | |||
r-release-windows-x86_64 | 0.2.1 | 5.00 | 40.00 | 45.00 | OK | |
r-oldrel-macos-arm64 | 0.2.1 | 15.00 | OK | |||
r-oldrel-macos-x86_64 | 0.2.1 | 22.00 | OK | |||
r-oldrel-windows-x86_64 | 0.2.1 | 3.00 | 39.00 | 42.00 | OK |
Version: 0.2.1
Check: CRAN incoming feasibility
Result: NOTE
Maintainer: ‘Joerg grosse Schlarmann (aka Produnis) <schlarmann@produnis.de>’
No Authors@R field in DESCRIPTION.
Please add one, modifying
Authors@R: person(given = c("Joerg", "grosse"),
family = "Schlarmann",
role = c("aut", "cre"),
email = "schlarmann@produnis.de",
comment = "aka Produnis")
as necessary.
Flavors: r-devel-linux-x86_64-debian-clang, r-devel-linux-x86_64-debian-gcc