CRAN Package Check Results for Package wilcoxmed

Last updated on 2025-05-04 02:50:22 CEST.

Flavor Version Tinstall Tcheck Ttotal Status Flags
r-devel-linux-x86_64-debian-clang 0.0.1 1.59 17.93 19.52 OK
r-devel-linux-x86_64-debian-gcc 0.0.1 1.42 15.10 16.52 OK
r-devel-linux-x86_64-fedora-clang 0.0.1 28.84 OK
r-devel-linux-x86_64-fedora-gcc 0.0.1 27.47 OK
r-devel-windows-x86_64 0.0.1 3.00 35.00 38.00 OK
r-patched-linux-x86_64 0.0.1 1.47 16.15 17.62 OK
r-release-linux-x86_64 OK
r-release-macos-arm64 0.0.1 14.00 OK
r-release-macos-x86_64 0.0.1 22.00 OK
r-release-windows-x86_64 0.0.1 4.00 35.00 39.00 OK
r-oldrel-macos-arm64 0.0.1 14.00 NOTE
r-oldrel-macos-x86_64 0.0.1 19.00 NOTE
r-oldrel-windows-x86_64 0.0.1 3.00 34.00 37.00 NOTE

Check Details

Version: 0.0.1
Check: LazyData
Result: NOTE 'LazyData' is specified without a 'data' directory Flavors: r-oldrel-macos-arm64, r-oldrel-macos-x86_64, r-oldrel-windows-x86_64