Last updated on 2025-07-17 02:49:42 CEST.
Flavor | Version | Tinstall | Tcheck | Ttotal | Status | Flags |
---|---|---|---|---|---|---|
r-devel-linux-x86_64-debian-clang | 0.5.1 | 55.59 | 97.89 | 153.48 | OK | |
r-devel-linux-x86_64-debian-gcc | 0.5.1 | 40.30 | 73.60 | 113.90 | OK | |
r-devel-linux-x86_64-fedora-clang | 0.5.1 | 268.67 | OK | |||
r-devel-linux-x86_64-fedora-gcc | 0.5.1 | 255.39 | OK | |||
r-devel-windows-x86_64 | 0.5.1 | 63.00 | 127.00 | 190.00 | OK | |
r-patched-linux-x86_64 | 0.5.1 | 59.64 | 95.81 | 155.45 | OK | |
r-release-linux-x86_64 | 0.5.1 | 58.86 | 95.61 | 154.47 | OK | |
r-release-macos-arm64 | 0.5.1 | 78.00 | OK | |||
r-release-macos-x86_64 | 0.5.1 | 97.00 | OK | |||
r-release-windows-x86_64 | 0.5.1 | 67.00 | 128.00 | 195.00 | OK | |
r-oldrel-macos-arm64 | 0.5.1 | 75.00 | NOTE | |||
r-oldrel-macos-x86_64 | 0.5.1 | 97.00 | NOTE | |||
r-oldrel-windows-x86_64 | 0.5.1 | 79.00 | 155.00 | 234.00 | OK |
Version: 0.5.1
Check: installed package size
Result: NOTE
installed size is 6.7Mb
sub-directories of 1Mb or more:
data 3.8Mb
libs 2.7Mb
Flavors: r-oldrel-macos-arm64, r-oldrel-macos-x86_64