Last updated on 2024-07-27 01:53:28 CEST.
Flavor | Version | Tinstall | Tcheck | Ttotal | Status | Flags |
---|---|---|---|---|---|---|
r-devel-linux-x86_64-debian-clang | 3.0.3 | 53.98 | 84.57 | 138.55 | OK | |
r-devel-linux-x86_64-debian-gcc | 3.0.3 | 41.23 | 64.24 | 105.47 | OK | |
r-devel-linux-x86_64-fedora-clang | 3.0.3 | 212.39 | NOTE | |||
r-devel-linux-x86_64-fedora-gcc | 3.0.3 | 195.63 | NOTE | |||
r-devel-windows-x86_64 | 3.0.3 | 52.00 | 106.00 | 158.00 | NOTE | |
r-patched-linux-x86_64 | 3.0.3 | OK | ||||
r-release-linux-x86_64 | 3.0.3 | 38.99 | 82.60 | 121.59 | OK | |
r-release-macos-arm64 | 3.0.3 | 66.00 | NOTE | |||
r-release-macos-x86_64 | 3.0.3 | 89.00 | NOTE | |||
r-release-windows-x86_64 | 3.0.3 | 59.00 | 102.00 | 161.00 | NOTE | |
r-oldrel-macos-arm64 | 3.0.3 | 73.00 | NOTE | |||
r-oldrel-macos-x86_64 | 3.0.3 | 130.00 | NOTE | |||
r-oldrel-windows-x86_64 | 3.0.3 | 63.00 | 122.00 | 185.00 | NOTE |
Version: 3.0.3
Check: installed package size
Result: NOTE
installed size is 5.7Mb
sub-directories of 1Mb or more:
data 3.5Mb
help 1.9Mb
Flavors: r-devel-linux-x86_64-fedora-clang, r-devel-windows-x86_64, r-release-macos-arm64, r-release-macos-x86_64, r-release-windows-x86_64, r-oldrel-macos-arm64, r-oldrel-macos-x86_64, r-oldrel-windows-x86_64
Version: 3.0.3
Check: dependencies in R code
Result: NOTE
Namespaces in Imports field not imported from:
‘future’ ‘tidyr’
All declared Imports should be used.
Flavors: r-devel-linux-x86_64-fedora-clang, r-devel-linux-x86_64-fedora-gcc