Last updated on 2024-07-27 01:53:28 CEST.
Flavor | Version | Tinstall | Tcheck | Ttotal | Status | Flags |
---|---|---|---|---|---|---|
r-devel-linux-x86_64-debian-clang | 1.1.19 | 8.71 | 148.98 | 157.69 | NOTE | |
r-devel-linux-x86_64-debian-gcc | 1.1.19 | 6.16 | 110.78 | 116.94 | NOTE | |
r-devel-linux-x86_64-fedora-clang | 1.1.19 | 201.37 | NOTE | |||
r-devel-linux-x86_64-fedora-gcc | 1.1.19 | 190.78 | NOTE | |||
r-devel-windows-x86_64 | 1.1.19 | 12.00 | 146.00 | 158.00 | NOTE | |
r-patched-linux-x86_64 | 1.1.19 | NOTE | ||||
r-release-linux-x86_64 | 1.1.19 | 5.72 | 137.56 | 143.28 | NOTE | |
r-release-macos-arm64 | 1.1.19 | 67.00 | NOTE | |||
r-release-macos-x86_64 | 1.1.19 | 103.00 | NOTE | |||
r-release-windows-x86_64 | 1.1.19 | 9.00 | 145.00 | 154.00 | NOTE | |
r-oldrel-macos-arm64 | 1.1.19 | 68.00 | OK | |||
r-oldrel-macos-x86_64 | 1.1.19 | 100.00 | OK | |||
r-oldrel-windows-x86_64 | 1.1.19 | 12.00 | 173.00 | 185.00 | OK |
Version: 1.1.19
Check: Rd files
Result: NOTE
checkRd: (-1) completeManualPage.Rd:12: Lost braces
12 | See \emph{\bold{code{\link{ProcessingContext}}}}. Only
| ^
checkRd: (-1) produceAllManualPagesFromObject.Rd:14: Lost braces
14 | See \emph{\bold{\\code{\link{ProcessingContext}}}}.}
| ^
Flavors: r-devel-linux-x86_64-debian-clang, r-devel-linux-x86_64-debian-gcc, r-devel-linux-x86_64-fedora-clang, r-devel-linux-x86_64-fedora-gcc, r-devel-windows-x86_64, r-patched-linux-x86_64, r-release-linux-x86_64, r-release-macos-arm64, r-release-macos-x86_64, r-release-windows-x86_64