Last updated on 2024-07-27 01:53:28 CEST.
Flavor | Version | Tinstall | Tcheck | Ttotal | Status | Flags |
---|---|---|---|---|---|---|
r-devel-linux-x86_64-debian-clang | 1.1.61 | 259.27 | 29.43 | 288.70 | OK | |
r-devel-linux-x86_64-debian-gcc | 1.1.61 | 41.30 | 21.00 | 62.30 | OK | |
r-devel-linux-x86_64-fedora-clang | 1.1.61 | 340.02 | NOTE | |||
r-devel-linux-x86_64-fedora-gcc | 1.1.61 | 117.36 | OK | |||
r-devel-windows-x86_64 | 1.1.61 | 139.00 | 39.00 | 178.00 | NOTE | |
r-patched-linux-x86_64 | 1.1.61 | OK | ||||
r-release-linux-x86_64 | 1.1.61 | 46.10 | 25.59 | 71.69 | OK | |
r-release-macos-arm64 | 1.1.61 | 98.00 | OK | |||
r-release-macos-x86_64 | 1.1.61 | 87.00 | OK | |||
r-release-windows-x86_64 | 1.1.61 | 119.00 | 37.00 | 156.00 | NOTE | |
r-oldrel-macos-arm64 | 1.1.61 | 102.00 | OK | |||
r-oldrel-macos-x86_64 | 1.1.61 | 85.00 | OK | |||
r-oldrel-windows-x86_64 | 1.1.61 | 150.00 | 37.00 | 187.00 | NOTE |
Version: 1.1.61
Check: installed package size
Result: NOTE
installed size is 9.9Mb
sub-directories of 1Mb or more:
bin 9.7Mb
Flavors: r-devel-linux-x86_64-fedora-clang, r-devel-windows-x86_64, r-release-windows-x86_64, r-oldrel-windows-x86_64