Last updated on 2025-11-19 01:49:07 CET.
| Flavor | Version | Tinstall | Tcheck | Ttotal | Status | Flags |
|---|---|---|---|---|---|---|
| r-devel-linux-x86_64-debian-clang | 0.54 | 7.65 | 63.79 | 71.44 | OK | |
| r-devel-linux-x86_64-debian-gcc | 0.54 | 5.09 | 44.42 | 49.51 | OK | |
| r-devel-linux-x86_64-fedora-clang | 0.54 | 16.00 | 90.47 | 106.47 | OK | |
| r-devel-linux-x86_64-fedora-gcc | 0.54 | 20.00 | 89.40 | 109.40 | OK | |
| r-devel-windows-x86_64 | 0.54 | 5.00 | 5.00 | 10.00 | ERROR | |
| r-patched-linux-x86_64 | 0.54 | 7.59 | 57.45 | 65.04 | OK | |
| r-release-linux-x86_64 | 0.54 | 6.75 | 56.94 | 63.69 | OK | |
| r-release-macos-arm64 | 0.54 | 6.00 | 103.00 | 109.00 | OK | |
| r-release-macos-x86_64 | 0.54 | 15.00 | 163.00 | 178.00 | OK | |
| r-release-windows-x86_64 | 0.54 | 12.00 | 105.00 | 117.00 | OK | |
| r-oldrel-macos-arm64 | 0.54 | 6.00 | 106.00 | 112.00 | OK | |
| r-oldrel-macos-x86_64 | 0.54 | 15.00 | 146.00 | 161.00 | OK | |
| r-oldrel-windows-x86_64 | 0.54 | 17.00 | 118.00 | 135.00 | OK |
Version: 0.54
Check: whether package can be installed
Result: ERROR
Installation failed.
Flavor: r-devel-windows-x86_64