Last updated on 2024-07-27 01:53:28 CEST.
Flavor | Version | Tinstall | Tcheck | Ttotal | Status | Flags |
---|---|---|---|---|---|---|
r-devel-linux-x86_64-debian-clang | 0.1.2 | 2.96 | 44.81 | 47.77 | NOTE | |
r-devel-linux-x86_64-debian-gcc | 0.1.2 | 2.10 | 33.94 | 36.04 | NOTE | |
r-devel-linux-x86_64-fedora-clang | 0.1.2 | 62.51 | NOTE | |||
r-devel-linux-x86_64-fedora-gcc | 0.1.2 | 71.57 | NOTE | |||
r-devel-windows-x86_64 | 0.1.2 | 3.00 | 53.00 | 56.00 | NOTE | |
r-patched-linux-x86_64 | 0.1.2 | NOTE | ||||
r-release-linux-x86_64 | 0.1.2 | 2.81 | 41.66 | 44.47 | NOTE | |
r-release-macos-arm64 | 0.1.2 | 27.00 | NOTE | |||
r-release-macos-x86_64 | 0.1.2 | 41.00 | NOTE | |||
r-release-windows-x86_64 | 0.1.2 | 3.00 | 55.00 | 58.00 | NOTE | |
r-oldrel-macos-arm64 | 0.1.2 | 30.00 | NOTE | |||
r-oldrel-macos-x86_64 | 0.1.2 | 45.00 | NOTE | |||
r-oldrel-windows-x86_64 | 0.1.2 | 4.00 | 57.00 | 61.00 | NOTE |
Version: 0.1.2
Check: LazyData
Result: NOTE
'LazyData' is specified without a 'data' directory
Flavors: r-devel-linux-x86_64-debian-clang, r-devel-linux-x86_64-debian-gcc, r-devel-linux-x86_64-fedora-clang, r-devel-linux-x86_64-fedora-gcc, r-devel-windows-x86_64, r-patched-linux-x86_64, r-release-linux-x86_64, r-release-macos-arm64, r-release-macos-x86_64, r-release-windows-x86_64, r-oldrel-macos-arm64, r-oldrel-macos-x86_64, r-oldrel-windows-x86_64
Version: 0.1.2
Check: for non-standard things in the check directory
Result: NOTE
Found the following files/directories:
‘xgb.txt’
Flavors: r-devel-linux-x86_64-debian-clang, r-devel-linux-x86_64-debian-gcc, r-devel-linux-x86_64-fedora-clang, r-devel-linux-x86_64-fedora-gcc, r-patched-linux-x86_64, r-release-linux-x86_64